000
CDUS43 KOAX 030646
CLIOAX


CLIMATE REPORT
NATIONAL WEATHER SERVICE OMAHA NEBRASKA
146 AM CDT SUN MAY 3 2015


...................................

...THE VALLEY  NWS, NEBRASKA CLIMATE SUMMARY FOR MAY 2 2015...

CLIMATE NORMAL PERIOD 1981 TO 2010
CLIMATE RECORD PERIOD 1997 TO 2015


WEATHER ITEM   OBSERVED TIME   NORMAL DEPARTURE LAST
                VALUE   (LST)  VALUE  FROM      YEAR
                                      NORMAL
......................................................
TEMPERATURE (F)
 YESTERDAY
  MAXIMUM         74    430 PM  67      7       73
  MINIMUM         57    240 AM  46     11       38
  AVERAGE         66            57      9       56

PRECIPITATION (IN)
  YESTERDAY        0.91          0.14   0.77      T
  MONTH TO DATE    0.91          0.29   0.62      T
  SINCE MAR 1      5.09          5.32  -0.23     3.02
  SINCE JAN 1      6.66          7.03  -0.37     4.06

SNOWFALL (IN)
  YESTERDAY        0.0                           0.0
  MONTH TO DATE    0.0                           0.0
  SINCE JUL 1     19.3                          18.2
  SNOW DEPTH       0

DEGREE DAYS
 HEATING
  YESTERDAY        0             9     -9        9
  MONTH TO DATE    1            18    -17       27
  SINCE MAR 1    989          1285   -296     1320
  SINCE JUL 1   5718          6116   -398     6380

 COOLING
  YESTERDAY        1             1      0        0
  MONTH TO DATE    1             2     -1        0
  SINCE MAR 1      5             9     -4        9
  SINCE JAN 1      5             9     -4        9
......................................................


WIND (MPH)
  HIGHEST WIND SPEED    MM   HIGHEST WIND DIRECTION    MM
  HIGHEST GUST SPEED    33   HIGHEST GUST DIRECTION    MM


SKY COVER
  POSSIBLE SUNSHINE  MM


WEATHER CONDITIONS
 THE FOLLOWING WEATHER WAS RECORDED YESTERDAY.
  THUNDERSTORM
  HEAVY RAIN
  RAIN
  LIGHT RAIN


..........................................................


THE VALLEY  NWS, NEBRASKA CLIMATE NORMALS FOR TODAY
                         NORMAL
 MAXIMUM TEMPERATURE (F)   68
 MINIMUM TEMPERATURE (F)   47


SUNRISE AND SUNSET
MAY  3 2015...........SUNRISE   621 AM CDT   SUNSET   825 PM CDT
MAY  4 2015...........SUNRISE   619 AM CDT   SUNSET   826 PM CDT


-  INDICATES NEGATIVE NUMBERS.
R  INDICATES RECORD WAS SET OR TIED.
MM INDICATES DATA IS MISSING.
T  INDICATES TRACE AMOUNT.




$$
