000
CDUS42 KCAE 020526
CLIOGB


CLIMATE REPORT
NATIONAL WEATHER SERVICE COLUMBIA SC
126 AM EDT THU APR 2 2015


...................................

...THE ORANGEBURG AIRPORT SC CLIMATE SUMMARY FOR APRIL 1 2015...

CLIMATE NORMAL PERIOD 1981 TO 2010
CLIMATE RECORD PERIOD 9999 TO 9999


WEATHER ITEM   OBSERVED TIME   NORMAL DEPARTURE LAST
                VALUE   (LST)  VALUE  FROM      YEAR
                                      NORMAL
......................................................
TEMPERATURE (F)
 YESTERDAY
  MAXIMUM         76    433 PM  73      3       84
  MINIMUM         55   1159 PM  48      7       44
  AVERAGE         66            60      6       64

PRECIPITATION (IN)
  YESTERDAY        0.06          0.12  -0.06     0.00
  MONTH TO DATE    0.06          0.12  -0.06     0.00
  SINCE MAR 1      3.03          4.10  -1.07     2.87
  SINCE JAN 1      9.88         11.67  -1.79     8.79

DEGREE DAYS
 HEATING
  YESTERDAY        0             6     -6        1
  MONTH TO DATE    0             6     -6        1
  SINCE MAR 1    208           283    -75      387
  SINCE JUL 1   2282          2215     67     2251

 COOLING
  YESTERDAY        1             1      0        0
  MONTH TO DATE    1             1      0        0
  SINCE MAR 1     27            18      9        2
  SINCE JAN 1     27            21      6        8
......................................................


WIND (MPH)
  HIGHEST WIND SPEED    17   HIGHEST WIND DIRECTION     W (260)
  HIGHEST GUST SPEED    23   HIGHEST GUST DIRECTION     W (260)
  AVERAGE WIND SPEED     7.8


SKY COVER
  AVERAGE SKY COVER 0.2


WEATHER CONDITIONS
 THE FOLLOWING WEATHER WAS RECORDED YESTERDAY.
  LIGHT RAIN
  FOG
  HAZE


RELATIVE HUMIDITY (PERCENT)
 HIGHEST    84           900 AM
 LOWEST     31           400 PM

..........................................................


THE ORANGEBURG AIRPORT SC CLIMATE NORMALS FOR TODAY
                         NORMAL    RECORD    YEAR
 MAXIMUM TEMPERATURE (F)   73        MM        MM
 MINIMUM TEMPERATURE (F)   48        MM        MM


SUNRISE AND SUNSET
APRIL  2 2015.........SUNRISE   710 AM EDT   SUNSET   744 PM EDT
APRIL  3 2015.........SUNRISE   709 AM EDT   SUNSET   745 PM EDT


-  INDICATES NEGATIVE NUMBERS.
R  INDICATES RECORD WAS SET OR TIED.
MM INDICATES DATA IS MISSING.
T  INDICATES TRACE AMOUNT.




$$
