000
CDUS42 KCAE 182137
CLIOGB


CLIMATE REPORT
NATIONAL WEATHER SERVICE COLUMBIA SC
535 PM EDT SAT APR 18 2015


...................................

...THE ORANGEBURG AIRPORT SC CLIMATE SUMMARY FOR APRIL 18 2015...
VALID TODAY AS OF 0500 PM LOCAL TIME.

CLIMATE NORMAL PERIOD 1981 TO 2010
CLIMATE RECORD PERIOD 9999 TO 9999


WEATHER ITEM   OBSERVED TIME   NORMAL DEPARTURE LAST
                VALUE   (LST)  VALUE  FROM      YEAR
                                      NORMAL
......................................................
TEMPERATURE (F)
 TODAY
  MAXIMUM         76    358 PM  77     -1       60
  MINIMUM         65    616 AM  51     14       51
  AVERAGE         71            64      7       56

PRECIPITATION (IN)
  TODAY            0.36          0.10   0.26     1.79
  MONTH TO DATE    1.39          1.86  -0.47     3.07
  SINCE MAR 1      4.36          5.84  -1.48     5.94
  SINCE JAN 1     11.21         13.41  -2.20    11.86

DEGREE DAYS
 HEATING
  TODAY            0             3     -3        9
  MONTH TO DATE   18            82    -64       62
  SINCE MAR 1    226           359   -133      448
  SINCE JUL 1   2300          2291      9     2312

 COOLING
  TODAY            6             2      4        0
  MONTH TO DATE   75            31     44       31
  SINCE MAR 1    101            48     53       33
  SINCE JAN 1    101            51     50       39
......................................................


WIND (MPH)
  HIGHEST WIND SPEED     8   HIGHEST WIND DIRECTION    NE (40)
  HIGHEST GUST SPEED    10   HIGHEST GUST DIRECTION    NE (40)
  AVERAGE WIND SPEED     2.9


SKY COVER
  AVERAGE SKY COVER 1.0


WEATHER CONDITIONS
 THE FOLLOWING WEATHER WAS RECORDED TODAY.
  HEAVY RAIN
  RAIN
  LIGHT RAIN
  FOG


RELATIVE HUMIDITY (PERCENT)
 HIGHEST    93          1200 AM
 LOWEST     69           400 PM

..........................................................


THE ORANGEBURG AIRPORT SC CLIMATE NORMALS FOR TOMORROW
                         NORMAL
 MAXIMUM TEMPERATURE (F)   77
 MINIMUM TEMPERATURE (F)   51


SUNRISE AND SUNSET
APRIL 18 2015.........SUNRISE   650 AM EDT   SUNSET   756 PM EDT
APRIL 19 2015.........SUNRISE   649 AM EDT   SUNSET   757 PM EDT


-  INDICATES NEGATIVE NUMBERS.
R  INDICATES RECORD WAS SET OR TIED.
MM INDICATES DATA IS MISSING.
T  INDICATES TRACE AMOUNT.




$$
