000
CDUS46 KSGX 070017
CLIOKB


CLIMATE REPORT
NATIONAL WEATHER SERVICE SAN DIEGO, CA
517 PM PDT WED MAY 6 2015


...................................

...THE OCEANSIDE AIRPORT CA CLIMATE SUMMARY FOR MAY 6 2015...
VALID TODAY AS OF 0500 PM LOCAL TIME.

CLIMATE NORMAL PERIOD 1981 TO 2010
CLIMATE RECORD PERIOD 1999 TO 2015


WEATHER ITEM   OBSERVED TIME   RECORD YEAR NORMAL DEPARTURE LAST
                VALUE   (LST)  VALUE       VALUE  FROM      YEAR
                                                  NORMAL
..................................................................
TEMPERATURE (F)
 TODAY
  MAXIMUM         68    135 PM  86    2007  69     -1       68
  MINIMUM         59    517 AM  47    2007  52      7       58
  AVERAGE         64                        61      3       63

PRECIPITATION (IN)
  TODAY            0.00          0.43 2013   0.01  -0.01      T
  MONTH TO DATE    0.00                      0.11  -0.11      T
  SINCE OCT 1      5.92                     12.89  -6.97     4.19
  SINCE JAN 1      1.52                      9.01  -7.49     2.60

SNOWFALL (IN)
  TODAY            0.0
  MONTH TO DATE    0.0
  SINCE MAR 1      0.0
  SINCE JUL 1      0.0
  SNOW DEPTH       0

DEGREE DAYS
 HEATING
  TODAY            1                         4     -3        2
  MONTH TO DATE    8                        29    -21        9
  SINCE MAR 1    258                       515   -257      338
  SINCE JUL 1   1132                      1923   -791     1510

 COOLING
  TODAY            0                         0      0        0
  MONTH TO DATE    0                         0      0       14
  SINCE MAR 1     34                         3     31       30
  SINCE JAN 1     34                         3     31       30
..................................................................


WIND (MPH)
  RESULTANT WIND SPEED   4   RESULTANT WIND DIRECTION   W (260)
  HIGHEST WIND SPEED    15   HIGHEST WIND DIRECTION     W (250)
  HIGHEST GUST SPEED    21   HIGHEST GUST DIRECTION    SW (240)
  AVERAGE WIND SPEED     5.2


SKY COVER
  POSSIBLE SUNSHINE  MM
  AVERAGE SKY COVER 0.9


WEATHER CONDITIONS
 THE FOLLOWING WEATHER WAS RECORDED TODAY.
  NO SIGNIFICANT WEATHER WAS OBSERVED.


RELATIVE HUMIDITY (PERCENT)
 HIGHEST    69          1200 AM
 LOWEST     58          1200 PM
 AVERAGE    64

..........................................................


THE OCEANSIDE AIRPORT CA CLIMATE NORMALS FOR TOMORROW
                         NORMAL    RECORD    YEAR
 MAXIMUM TEMPERATURE (F)   69        88      2007
 MINIMUM TEMPERATURE (F)   52        47      2010


SUNRISE AND SUNSET
MAY  6 2015...........SUNRISE   557 AM PDT   SUNSET   735 PM PDT
MAY  7 2015...........SUNRISE   556 AM PDT   SUNSET   736 PM PDT


-  INDICATES NEGATIVE NUMBERS.
R  INDICATES RECORD WAS SET OR TIED.
MM INDICATES DATA IS MISSING.
T  INDICATES TRACE AMOUNT.




$$
