000
CDUS46 KSEW 040830
CLIOLM


CLIMATE REPORT
NATIONAL WEATHER SERVICE SEATTLE WA
130 AM PDT MON MAY 4 2015


...................................

...THE OLYMPIA WA AIRPORT CLIMATE SUMMARY FOR MAY 3 2015...

CLIMATE NORMAL PERIOD 1981 TO 2010
CLIMATE RECORD PERIOD 1948 TO 2015


WEATHER ITEM   OBSERVED TIME   RECORD YEAR NORMAL DEPARTURE LAST
                VALUE   (LST)  VALUE       VALUE  FROM      YEAR
                                                  NORMAL
..................................................................
TEMPERATURE (F)
 YESTERDAY
  MAXIMUM         72    445 PM  80    1992  63      9       60
  MINIMUM         34    509 AM  30    1980  40     -6       48
  AVERAGE         53                        52      1       54

PRECIPITATION (IN)
  YESTERDAY        0.00          1.09 2012   0.08  -0.08     0.81
  MONTH TO DATE    0.00                      0.25  -0.25     0.81
  SINCE OCT 1     38.85                     42.88  -4.03    36.12
  SINCE JAN 1     19.82                     22.19  -2.37    27.28

DEGREE DAYS
 HEATING
  YESTERDAY       12                        14     -2       11
  MONTH TO DATE   35                        42     -7       20
  SINCE MAR 1   1047                      1179   -132     1052
  SINCE JUL 1   4082                      4901   -819     4835

 COOLING
  YESTERDAY        0                         0      0        0
  MONTH TO DATE    0                         0      0        0
  SINCE MAR 1      0                         0      0        0
  SINCE JAN 1      0                         0      0        0
..................................................................


WIND (MPH)
  RESULTANT WIND SPEED   3   RESULTANT WIND DIRECTION  NE (40)
  HIGHEST WIND SPEED    12   HIGHEST WIND DIRECTION     N (350)
  HIGHEST GUST SPEED    16   HIGHEST GUST DIRECTION     N (340)
  AVERAGE WIND SPEED     3.8


SKY COVER
  AVERAGE SKY COVER 0.0


WEATHER CONDITIONS
 THE FOLLOWING WEATHER WAS RECORDED YESTERDAY.
  NO SIGNIFICANT WEATHER WAS OBSERVED.


RELATIVE HUMIDITY (PERCENT)
 HIGHEST    96           500 AM
 LOWEST     25           500 PM
 AVERAGE    61

..........................................................


THE OLYMPIA WA AIRPORT CLIMATE NORMALS FOR TODAY
                         NORMAL    RECORD    YEAR
 MAXIMUM TEMPERATURE (F)   63        89      1992
 MINIMUM TEMPERATURE (F)   41        29      1962
                                             1949


SUNRISE AND SUNSET
MAY  4 2015...........SUNRISE   552 AM PDT   SUNSET   826 PM PDT
MAY  5 2015...........SUNRISE   550 AM PDT   SUNSET   827 PM PDT


-  INDICATES NEGATIVE NUMBERS.
R  INDICATES RECORD WAS SET OR TIED.
MM INDICATES DATA IS MISSING.
T  INDICATES TRACE AMOUNT.




$$
