000
CDAK49 PAOM 060936
CLIOME

CLIMATE REPORT
NATIONAL WEATHER SERVICE NOME, AK
136 AM AKDT WED MAY 6 2015

...................................
...THE NOME WSO AP CLIMATE SUMMARY FOR MAY 5 2015...

CLIMATE NORMAL PERIOD  1981 TO  2010
CLIMATE RECORD PERIOD  1906 TO  2015

WEATHER ITEM   OBSERVED TIME    RECORD YEAR NORMAL DEPARTURE LAST
               VALUE    (LST)   VALUE       VALUE  FROM      YEAR
                                                   NORMAL
...................................................................
TEMPERATURE
YESTERDAY
 MAXIMUM            46  0846 PM    53  1960     38       8     29
 MINIMUM            29  0605 AM    -4  1984     26       3     20
 AVERAGE            38                          32       6     25

PRECIPITATION
(INCHES)
 YESTERDAY        0.00           0.53  2005   0.03   -0.03   0.01
 MONTH TO DATE    0.00                        0.14   -0.14   0.06
 SINCE MAR 1      1.31                        1.55   -0.24   1.04
 SINCE JAN 1      2.95                        3.42   -0.47   3.21

SNOWFALL
(INCHES)
 YESTERDAY         0.0            2.1  1971    0.2    -0.2    0.1
 MONTH TO DATE     0.0                         0.7    -0.7    0.5
 SINCE MAR 1      16.4                        17.1    -0.7   15.9
 SINCE JUL 1      59.7                        73.8   -14.1   70.2
 SNOW DEPTH (IN)     1                                          0

DEGREE DAYS
 HEATING
  YESTERDAY         27                          33      -6     40
  MONTH TO DATE    162                         171      -9    164
  SINCE MAR 1     3269                        3202      67   2884
  SINCE JUL 1    11433                       12484   -1051  11038

 COOLING
  YESTERDAY          0                           0       0      0
  MONTH TO DATE      0                           0       0      0
  SINCE MAR 1        0                           0       0      0
  SINCE JAN 1        0                           0       0      0
...................................................................

WIND (MPH)
 HIGHEST WIND SPEED     9     HIGHEST WIND DIRECTION    260
 HIGHEST GUST SPEED    11     HIGHEST GUST DIRECTION    260
 AVERAGE WIND SPEED   3.6

SKY COVER
  POSSIBLE SUNSHINE    MM          AVERAGE SKY COVER     MM

WEATHER CONDITIONS
 THE FOLLOWING WEATHER WAS RECORDED YESTERDAY.
  NO SIGNIFICANT WEATHER WAS OBSERVED.

RELATIVE HUMIDITY
 HIGHEST RH     MM PERCENT       MM
 LOWEST  RH     MM PERCENT       MM
 AVERAGE RH     MM PERCENT       MM
...................................................................

THE NOME CLIMATE NORMALS FOR TODAY
                           NORMAL    RECORD   YEAR
 MAXIMUM TEMPERATURE (F)     38        59     1991
 MINIMUM TEMPERATURE (F)     26         1     1952

SUNRISE AND SUNSET
 MAY 6 2015..........SUNRISE  6:14 AM      SUNSET 11:46 PM
 MAY 7 2015..........SUNRISE  6:10 AM      SUNSET 11:50 PM

-  INDICATES NEGATIVE NUMBERS.
R  INDICATES RECORD HAS BEEN SET OR TIED.
MM INDICATES DATA IS MISSING.
T  INDICATES TRACE OF PRECIPITATION.

&&
-------------------------------------------------------------------

AMOUNT OF DAYLIGHT TODAY  (HOUR:MIN)........17 HOURS 32 MINUTES
GAIN/LOSS SINCE YESTERDAY (HOUR:MIN:SEC)....+0:06:50

TIDE INFORMATION FOR 5/6/2015

LOW  1:08 AM 0.0 FT
HIGH 8:27 AM 1.2 FT
LOW  1:01 PM 0.9 FT
HIGH 5:46 PM 1.3 FT

$$
JAS MAY 15
