000
CDUS41 KAKQ 030532
CLIORF


CLIMATE REPORT
NATIONAL WEATHER SERVICE WAKEFIELD, VA
131 AM EDT SUN MAY 3 2015


...................................

...THE NORFOLK VA CLIMATE SUMMARY FOR MAY 2 2015...

CLIMATE NORMAL PERIOD 1981 TO 2010
CLIMATE RECORD PERIOD 1871 TO 2015


WEATHER ITEM   OBSERVED TIME   RECORD YEAR NORMAL DEPARTURE LAST
                VALUE   (LST)  VALUE       VALUE  FROM      YEAR
                                                  NORMAL
..................................................................
TEMPERATURE (F)
 YESTERDAY
  MAXIMUM         65    555 PM  92    2010  72     -7       69
                                      1898
  MINIMUM         50   1157 PM  43    1988  54     -4       57
                                      1877
  AVERAGE         58                        63     -5       63

PRECIPITATION (IN)
  YESTERDAY        0.00          1.48 1999   0.10  -0.10     0.00
  MONTH TO DATE    0.50                      0.20   0.30     0.00
  SINCE MAR 1      7.81                      7.29   0.52     8.69
  SINCE JAN 1     13.99                     13.81   0.18    14.98

SNOWFALL (IN)
  YESTERDAY        0.0           0.0  2002   0.0    0.0
  MONTH TO DATE    0.0                       0.0    0.0
  SINCE NOV 1     12.7                       5.8    6.9
  SINCE JUL 1     12.7                       5.8    6.9
  SNOW DEPTH       0

DEGREE DAYS
 HEATING
  YESTERDAY        7                         4      3        2
  MONTH TO DATE   18                         8     10        2
  SINCE MAR 1    751                       739     12      807
  SINCE JUL 1   3587                      3308    279     3418

 COOLING
  YESTERDAY        0                         2     -2        0
  MONTH TO DATE    0                         4     -4       10
  SINCE MAR 1     25                        47    -22       37
  SINCE JAN 1     25                        48    -23       37
..................................................................


WIND (MPH)
  HIGHEST WIND SPEED    17   HIGHEST WIND DIRECTION     N (10)
  HIGHEST GUST SPEED    23   HIGHEST GUST DIRECTION     N (20)
  AVERAGE WIND SPEED     8.2


SKY COVER
  POSSIBLE SUNSHINE  MM
  AVERAGE SKY COVER 0.1


WEATHER CONDITIONS
 THE FOLLOWING WEATHER WAS RECORDED YESTERDAY.
  NO SIGNIFICANT WEATHER WAS OBSERVED.


RELATIVE HUMIDITY (PERCENT)
 HIGHEST    83          1100 PM
 LOWEST     44           500 PM
 AVERAGE    64

..........................................................


THE NORFOLK VA CLIMATE NORMALS FOR TODAY
                         NORMAL    RECORD    YEAR
 MAXIMUM TEMPERATURE (F)   72        92      1965
 MINIMUM TEMPERATURE (F)   54        39      1963


SUNRISE AND SUNSET
MAY  3 2015...........SUNRISE   609 AM EDT   SUNSET   755 PM EDT
MAY  4 2015...........SUNRISE   608 AM EDT   SUNSET   756 PM EDT


-  INDICATES NEGATIVE NUMBERS.
R  INDICATES RECORD WAS SET OR TIED.
MM INDICATES DATA IS MISSING.
T  INDICATES TRACE AMOUNT.




$$
