000
CDUS46 KMFR 190837
CLIOTH


CLIMATE REPORT
NATIONAL WEATHER SERVICE MEDFORD, OR
137 AM PDT SUN APR 19 2015


...................................

...THE NORTH BEND OR CLIMATE SUMMARY FOR APRIL 18 2015...

CLIMATE NORMAL PERIOD 1981 TO 2010
CLIMATE RECORD PERIOD 1902 TO 2015


WEATHER ITEM   OBSERVED TIME   RECORD YEAR NORMAL DEPARTURE LAST
                VALUE   (LST)  VALUE       VALUE  FROM      YEAR
                                                  NORMAL
..................................................................
TEMPERATURE (F)
 YESTERDAY
  MAXIMUM         59        MM  74    1918  55      4       61
  MINIMUM         45        MM  30    1922  43      2       41
  AVERAGE         52                        49      3       51

PRECIPITATION (IN)
  YESTERDAY        0.00          0.94 1965   0.17  -0.17     0.00
  MONTH TO DATE    2.55                      3.43  -0.88     0.75
  SINCE OCT 1     41.41                     55.13 -13.72    22.44
  SINCE JAN 1     18.11                     29.04 -10.93    16.82

SNOWFALL (IN)
  YESTERDAY       MM
  SNOW DEPTH      MM

DEGREE DAYS
 HEATING
  YESTERDAY       13                        16     -3       14
  MONTH TO DATE  297                       297      0      255
  SINCE MAR 1    700                       835   -135      691
  SINCE JUL 1   2804                      4009  -1205     3488

 COOLING
  YESTERDAY        0                         0      0        0
  MONTH TO DATE    0                         0      0        0
  SINCE MAR 1      0                         0      0        0
  SINCE JAN 1      0                         0      0        0
..................................................................


WIND (MPH)
  HIGHEST WIND SPEED    28   HIGHEST WIND DIRECTION     N (350)
  HIGHEST GUST SPEED    35   HIGHEST GUST DIRECTION     N (350)
  AVERAGE WIND SPEED    11.1


SKY COVER
  POSSIBLE SUNSHINE  MM
  AVERAGE SKY COVER 0.2


WEATHER CONDITIONS
 THE FOLLOWING WEATHER WAS RECORDED YESTERDAY.
  NO SIGNIFICANT WEATHER WAS OBSERVED.


RELATIVE HUMIDITY (PERCENT)
 HIGHEST   100          1200 AM
 LOWEST     75           400 PM

..........................................................


THE NORTH BEND OR CLIMATE NORMALS FOR TODAY
                         NORMAL    RECORD    YEAR
 MAXIMUM TEMPERATURE (F)   56        84      1918
 MINIMUM TEMPERATURE (F)   43        30      1927


SUNRISE AND SUNSET
APRIL 19 2015.........SUNRISE   628 AM PDT   SUNSET   805 PM PDT
APRIL 20 2015.........SUNRISE   627 AM PDT   SUNSET   806 PM PDT


-  INDICATES NEGATIVE NUMBERS.
R  INDICATES RECORD WAS SET OR TIED.
MM INDICATES DATA IS MISSING.
T  INDICATES TRACE AMOUNT.




$$
