000
CDUS43 KDDC 042328
CLIP28


CLIMATE REPORT
NATIONAL WEATHER SERVICE DODGE CITY KS
628 PM CDT MON MAY 4 2015


...................................

...THE MEDICINE LODGE KS CLIMATE SUMMARY FOR MAY 4 2015...
VALID TODAY AS OF 0500 PM LOCAL TIME.

CLIMATE NORMAL PERIOD 1981 TO 2010
CLIMATE RECORD PERIOD 1893 TO 2015


WEATHER ITEM   OBSERVED TIME   RECORD YEAR NORMAL DEPARTURE LAST
                VALUE   (LST)  VALUE       VALUE  FROM      YEAR
                                                  NORMAL
..................................................................
TEMPERATURE (F)
 TODAY
  MAXIMUM         84    303 PM 103    2014  75      9      103
  MINIMUM         62    626 AM  32    2013  51     11       58
  AVERAGE         73                        63     10       81

PRECIPITATION (IN)
  TODAY            0.00          2.25 1938   0.10  -0.10     0.00
  MONTH TO DATE    0.00                      0.42  -0.42     0.00
  SINCE MAR 1      3.86                      5.11  -1.25     1.12
  SINCE JAN 1      5.17                      6.86  -1.69     2.07

DEGREE DAYS
 HEATING
  TODAY            0                         4     -4        0
  MONTH TO DATE    0                        18    -18       22
  SINCE MAR 1    643                       874   -231     1010
  SINCE JUL 1   4217                      4403   -186     4961

 COOLING
  TODAY            8                         2      6       16
  MONTH TO DATE   24                         7     17       19
  SINCE MAR 1     56                        31     25       48
  SINCE JAN 1     56                        31     25       48
..................................................................


WIND (MPH)
  HIGHEST WIND SPEED    18   HIGHEST WIND DIRECTION     S (170)
  HIGHEST GUST SPEED    26   HIGHEST GUST DIRECTION     S (160)
  AVERAGE WIND SPEED     7.8




RELATIVE HUMIDITY (PERCENT)
 HIGHEST    90           500 AM
 LOWEST     51           300 PM
 AVERAGE    71

..........................................................


THE MEDICINE LODGE KS CLIMATE NORMALS FOR TOMORROW
                         NORMAL    RECORD    YEAR
 MAXIMUM TEMPERATURE (F)   75       102      1940
 MINIMUM TEMPERATURE (F)   51        34      1979


SUNRISE AND SUNSET
MAY  4 2015...........SUNRISE   636 AM CDT   SUNSET   826 PM CDT
MAY  5 2015...........SUNRISE   635 AM CDT   SUNSET   827 PM CDT


-  INDICATES NEGATIVE NUMBERS.
R  INDICATES RECORD WAS SET OR TIED.
MM INDICATES DATA IS MISSING.
T  INDICATES TRACE AMOUNT.




$$
