000
CDUS45 KRIW 070736
CLIP60


CLIMATE REPORT
NATIONAL WEATHER SERVICE RIVERTON WY
136 AM MDT THU MAY 7 2015


...................................

...THE LAKE YELLOWSTONE WY CLIMATE SUMMARY FOR MAY 6 2015...

CLIMATE NORMAL PERIOD 1981 TO 2010
CLIMATE RECORD PERIOD 1998 TO 2015


WEATHER ITEM   OBSERVED TIME   RECORD YEAR NORMAL DEPARTURE LAST
                VALUE   (LST)  VALUE       VALUE  FROM      YEAR
                                                  NORMAL
..................................................................
TEMPERATURE (F)
 YESTERDAY
  MAXIMUM         52   1245 PM  63    2004  49      3       48
  MINIMUM         31    222 AM   8    1999  26      5       27
  AVERAGE         42                        37      5       38

PRECIPITATION (IN)
  YESTERDAY        0.05          0.23 2014   0.07  -0.02     0.23
  MONTH TO DATE    0.09                      0.42  -0.33     0.23
  SINCE MAR 1      1.83                      3.71  -1.88     8.59
  SINCE JAN 1      4.72                      7.23  -2.51    13.67

DEGREE DAYS
 HEATING
  YESTERDAY       23                        28     -5       27
  MONTH TO DATE  134                       171    -37      149
  SINCE MAR 1   2296                      2485   -189     2636
  SINCE JUL 1   9860                     10422   -562    10689

 COOLING
  YESTERDAY        0                         0      0        0
  MONTH TO DATE    0                         0      0        0
  SINCE MAR 1      0                         0      0        0
  SINCE JAN 1      0                         0      0        0
..................................................................


WIND (MPH)
  HIGHEST WIND SPEED    12   HIGHEST WIND DIRECTION    NW (300)
  HIGHEST GUST SPEED    20   HIGHEST GUST DIRECTION    NW (320)
  AVERAGE WIND SPEED     2.4


SKY COVER
  POSSIBLE SUNSHINE  MM
  AVERAGE SKY COVER 0.0


WEATHER CONDITIONS
 THE FOLLOWING WEATHER WAS RECORDED YESTERDAY.
  NO SIGNIFICANT WEATHER WAS OBSERVED.


RELATIVE HUMIDITY (PERCENT)
 HIGHEST    96          1100 PM
 LOWEST     42           100 PM
 AVERAGE    69

..........................................................


THE LAKE YELLOWSTONE WY CLIMATE NORMALS FOR TODAY
                         NORMAL    RECORD    YEAR
 MAXIMUM TEMPERATURE (F)   49        62      2004
 MINIMUM TEMPERATURE (F)   26         0      2010


SUNRISE AND SUNSET
MAY  7 2015...........SUNRISE   604 AM MDT   SUNSET   833 PM MDT
MAY  8 2015...........SUNRISE   603 AM MDT   SUNSET   834 PM MDT


-  INDICATES NEGATIVE NUMBERS.
R  INDICATES RECORD WAS SET OR TIED.
MM INDICATES DATA IS MISSING.
T  INDICATES TRACE AMOUNT.




$$
