000
CDUS45 KLKN 040938
CLIP68


CLIMATE REPORT
NATIONAL WEATHER SERVICE ELKO NV
237 AM PDT MON MAY 4 2015


...................................

...THE EUREKA AIRPORT NV CLIMATE SUMMARY FOR MAY 3 2015...

CLIMATE NORMAL PERIOD 1981 TO 2010
CLIMATE RECORD PERIOD 1963 TO 2015


WEATHER ITEM   OBSERVED TIME   RECORD YEAR NORMAL DEPARTURE LAST
                VALUE   (LST)  VALUE       VALUE  FROM      YEAR
                                                  NORMAL
..................................................................
TEMPERATURE (F)
 YESTERDAY
  MAXIMUM         74    118 PM  84    2004  65      9       79
                                      2000
  MINIMUM         38    453 AM  17    1964  32      6       41
  AVERAGE         56                        48      8       60

PRECIPITATION (IN)
  YESTERDAY        0.01          0.17 2003   0.02  -0.01     0.00
  MONTH TO DATE    0.01                      0.08  -0.07     0.00
  SINCE OCT 1      2.38                      5.71  -3.33     6.00
  SINCE JAN 1      1.26                      3.58  -2.32     3.60

DEGREE DAYS
 HEATING
  YESTERDAY        9                        17     -8        5
  MONTH TO DATE   23                        51    -28       24
  SINCE MAR 1   1303                      1570   -267     1391
  SINCE JUL 1   5346                      6855  -1509     6195

 COOLING
  YESTERDAY        0                         0      0        0
  MONTH TO DATE    0                         0      0        0
  SINCE MAR 1      0                         0      0        0
  SINCE JAN 1      0                         0      0        0
..................................................................


WIND (MPH)
  HIGHEST WIND SPEED    26   HIGHEST WIND DIRECTION    NW (330)
  HIGHEST GUST SPEED    44   HIGHEST GUST DIRECTION    NW (330)
  AVERAGE WIND SPEED     5.5




RELATIVE HUMIDITY (PERCENT)
 HIGHEST    59           500 AM
 LOWEST     18           200 PM
 AVERAGE    39

..........................................................


THE EUREKA AIRPORT NV CLIMATE NORMALS FOR TODAY
                         NORMAL    RECORD    YEAR
 MAXIMUM TEMPERATURE (F)   65        86      2004
 MINIMUM TEMPERATURE (F)   32        19      2001


SUNRISE AND SUNSET
MAY  4 2015...........SUNRISE   542 AM PDT   SUNSET   740 PM PDT
MAY  5 2015...........SUNRISE   540 AM PDT   SUNSET   741 PM PDT


-  INDICATES NEGATIVE NUMBERS.
R  INDICATES RECORD WAS SET OR TIED.
MM INDICATES DATA IS MISSING.
T  INDICATES TRACE AMOUNT.




$$
