000
CDUS42 KMFL 210836
CLIPBI


CLIMATE REPORT
NATIONAL WEATHER SERVICE MIAMI, FL
436 AM EDT TUE APR 21 2015


...................................

...THE WEST PALM BEACH CLIMATE SUMMARY FOR APRIL 20 2015...

CLIMATE NORMAL PERIOD 1981 TO 2010
CLIMATE RECORD PERIOD 1888 TO 2015


WEATHER ITEM   OBSERVED TIME   RECORD YEAR NORMAL DEPARTURE LAST
                VALUE   (LST)  VALUE       VALUE  FROM      YEAR
                                                  NORMAL
..................................................................
TEMPERATURE (F)
 YESTERDAY
  MAXIMUM         91   1229 PM  92    2006  82      9       78
  MINIMUM         71    346 PM  55    1999  66      5       64
                                      1997
                                      1936
  AVERAGE         81                        74      7       71

PRECIPITATION (IN)
  YESTERDAY        2.13          4.32 1994   0.12   2.01     0.00
  MONTH TO DATE    2.86                      2.58   0.28     1.04
  SINCE NOV 1     10.70                     21.25 -10.55    22.04
  SINCE JAN 1      7.00                     13.12  -6.12    14.92

SNOWFALL (IN)
  YESTERDAY        0.0
  MONTH TO DATE    0.0
  SINCE MAR 1      0.0
  SINCE JUL 1      0.0
  SNOW DEPTH       0

DEGREE DAYS
 HEATING
  YESTERDAY        0                         0      0        0
  MONTH TO DATE    0                         0      0        0
  SINCE MAR 1      2                        24    -22        7
  SINCE JUL 1    126                       229   -103      122

 COOLING
  YESTERDAY       16                         9      7        6
  MONTH TO DATE  289                       164    125      207
  SINCE MAR 1    642                       357    285      409
  SINCE JAN 1    920                       592    328      755
..................................................................


WIND (MPH)
  HIGHEST WIND SPEED    24   HIGHEST WIND DIRECTION    SE (150)
  HIGHEST GUST SPEED    32   HIGHEST GUST DIRECTION     S (170)
  AVERAGE WIND SPEED     7.6


SKY COVER
  AVERAGE SKY COVER 0.8


WEATHER CONDITIONS
 THE FOLLOWING WEATHER WAS RECORDED YESTERDAY.
  THUNDERSTORM
  HEAVY RAIN
  RAIN
  LIGHT RAIN
  FOG
  FOG W/VISIBILITY <= 1/4 MILE
  HAZE


RELATIVE HUMIDITY (PERCENT)
 HIGHEST    94
 LOWEST     55
 AVERAGE    75

..........................................................


THE WEST PALM BEACH CLIMATE NORMALS FOR TODAY
                         NORMAL    RECORD    YEAR
 MAXIMUM TEMPERATURE (F)   82        90      1944
 MINIMUM TEMPERATURE (F)   67        49      1901


SUNRISE AND SUNSET
APRIL 21 2015.........SUNRISE   651 AM EDT   SUNSET   748 PM EDT
APRIL 22 2015.........SUNRISE   650 AM EDT   SUNSET   748 PM EDT


-  INDICATES NEGATIVE NUMBERS.
R  INDICATES RECORD WAS SET OR TIED.
MM INDICATES DATA IS MISSING.
T  INDICATES TRACE AMOUNT.




$$
