000
CDUS42 KFFC 190818
CLIPDK


CLIMATE REPORT
NATIONAL WEATHER SERVICE PEACHTREE CITY GA
417 AM EDT SUN APR 19 2015


...................................

...THE DEKALB PEACHTREE AIRPORT CLIMATE SUMMARY FOR APRIL 18 2015...

CLIMATE NORMAL PERIOD 1981 TO 2010
CLIMATE RECORD PERIOD 9999 TO 9999


WEATHER ITEM   OBSERVED TIME   RECORD YEAR NORMAL DEPARTURE LAST
                VALUE   (LST)  VALUE       VALUE  FROM      YEAR
                                                  NORMAL
..................................................................
TEMPERATURE (F)
 YESTERDAY
  MAXIMUM         73    223 PM  MM      MM  74     -1       57
  MINIMUM         61    212 AM  MM      MM  50     11       48
  AVERAGE         67                        62      5       53

PRECIPITATION (IN)
  YESTERDAY        0.03         MM      MM   0.10  -0.07     0.92
  MONTH TO DATE    3.56                      2.07   1.49     5.32
  SINCE MAR 1      6.03                      7.05  -1.02     8.24
  SINCE JAN 1     12.81                     16.86  -4.05    14.60

SNOWFALL (IN)
  YESTERDAY       MM            MM      MM  MM     MM       MM
  MONTH TO DATE    0.0                      MM     MM        0.0
  SINCE MAR 1      0.0                      MM     MM        0.0
  SINCE JUL 1      T                        MM     MM         T
  SNOW DEPTH      MM

DEGREE DAYS
 HEATING
  YESTERDAY        0                         4     -4       12
  MONTH TO DATE   45                       108    -63      126
  SINCE MAR 1    346                       476   -130      583
  SINCE JUL 1   3034                      2877    157     3231

 COOLING
  YESTERDAY        2                         1      1        0
  MONTH TO DATE   40                        18     22       12
  SINCE MAR 1     40                        25     15       12
  SINCE JAN 1     40                        25     15       12
..................................................................


WIND (MPH)
  RESULTANT WIND SPEED   2   RESULTANT WIND DIRECTION   E (80)
  HIGHEST WIND SPEED    10   HIGHEST WIND DIRECTION    SE (150)
  HIGHEST GUST SPEED    13   HIGHEST GUST DIRECTION    SE (140)
  AVERAGE WIND SPEED     2.5


SKY COVER
  AVERAGE SKY COVER 0.8


WEATHER CONDITIONS
 THE FOLLOWING WEATHER WAS RECORDED YESTERDAY.
  LIGHT RAIN
  FOG


RELATIVE HUMIDITY (PERCENT)
 HIGHEST   100           800 AM
 LOWEST     73           300 PM
 AVERAGE    87

..........................................................


THE DEKALB PEACHTREE AIRPORT CLIMATE NORMALS FOR TODAY
                         NORMAL    RECORD    YEAR
 MAXIMUM TEMPERATURE (F)   75        MM        MM
 MINIMUM TEMPERATURE (F)   50        MM        MM


SUNRISE AND SUNSET
APRIL 19 2015.........SUNRISE   702 AM EDT   SUNSET   811 PM EDT
APRIL 20 2015.........SUNRISE   701 AM EDT   SUNSET   812 PM EDT


-  INDICATES NEGATIVE NUMBERS.
R  INDICATES RECORD WAS SET OR TIED.
MM INDICATES DATA IS MISSING.
T  INDICATES TRACE AMOUNT.




$$
