000
CDUS41 KPHI 180626
CLIPHL


CLIMATE REPORT
NATIONAL WEATHER SERVICE MOUNT HOLLY NJ
226 AM EDT SAT APR 18 2015


...................................

...THE PHILADELPHIA PA CLIMATE SUMMARY FOR APRIL 17 2015...

CLIMATE NORMAL PERIOD 1981 TO 2010
CLIMATE RECORD PERIOD 1872 TO 2015


WEATHER ITEM   OBSERVED TIME   RECORD YEAR NORMAL DEPARTURE LAST
                VALUE   (LST)  VALUE       VALUE  FROM      YEAR
                                                  NORMAL
..................................................................
TEMPERATURE (F)
 YESTERDAY
  MAXIMUM         74    430 PM  95    2002  65      9       53
  MINIMUM         55    354 AM  27    1980  45     10       37
                                      1962
  AVERAGE         65                        55     10       45

PRECIPITATION (IN)
  YESTERDAY        0.15          1.16 1910   0.12   0.03     0.00
  MONTH TO DATE    0.75                      2.10  -1.35     1.38
  SINCE MAR 1      6.27                      5.89   0.38     5.61
  SINCE JAN 1     13.15                     11.57   1.58    14.28

SNOWFALL (IN)
  YESTERDAY        0.0           T    1935   0.0    0.0      0.0
                                      1928
                                      1911
  MONTH TO DATE    0.0                       0.4   -0.4       T
  SINCE MAR 1     12.0                       3.3    8.7      8.5
  SINCE JUL 1     27.0                      22.3    4.7     68.0
  SNOW DEPTH       0

DEGREE DAYS
 HEATING
  YESTERDAY        0                        11    -11       20
  MONTH TO DATE  185                       230    -45      197
  SINCE MAR 1    978                       895     83      998
  SINCE JUL 1   4631                      4377    254     4654

 COOLING
  YESTERDAY        0                         0      0        0
  MONTH TO DATE    0                         0      0        9
  SINCE MAR 1      0                         1     -1        9
  SINCE JAN 1      0                         1     -1        9
..................................................................


WIND (MPH)
  HIGHEST WIND SPEED    17   HIGHEST WIND DIRECTION     W (250)
  HIGHEST GUST SPEED    21   HIGHEST GUST DIRECTION     W (250)
  AVERAGE WIND SPEED     7.9


SKY COVER
  POSSIBLE SUNSHINE  MM
  AVERAGE SKY COVER 0.8


WEATHER CONDITIONS
 THE FOLLOWING WEATHER WAS RECORDED YESTERDAY.
  LIGHT RAIN
  FOG


RELATIVE HUMIDITY (PERCENT)
 HIGHEST    86           300 AM
 LOWEST     57           300 PM
 AVERAGE    72

..........................................................


THE PHILADELPHIA PA CLIMATE NORMALS FOR TODAY
                         NORMAL    RECORD    YEAR
 MAXIMUM TEMPERATURE (F)   65        94      1976
 MINIMUM TEMPERATURE (F)   45        25      1875


SUNRISE AND SUNSET
APRIL 18 2015.........SUNRISE   619 AM EDT   SUNSET   742 PM EDT
APRIL 19 2015.........SUNRISE   618 AM EDT   SUNSET   743 PM EDT


-  INDICATES NEGATIVE NUMBERS.
R  INDICATES RECORD WAS SET OR TIED.
MM INDICATES DATA IS MISSING.
T  INDICATES TRACE AMOUNT.




$$
