000
CDUS43 KABR 051031
CLIPIR


CLIMATE REPORT
NATIONAL WEATHER SERVICE ABERDEEN SD
531 AM CDT TUE MAY 5 2015


...................................

...THE PIERRE SD CLIMATE SUMMARY FOR MAY 4 2015...

CLIMATE NORMAL PERIOD 1981 TO 2010
CLIMATE RECORD PERIOD 1892 TO 2015


WEATHER ITEM   OBSERVED TIME   RECORD YEAR NORMAL DEPARTURE LAST
                VALUE   (LST)  VALUE       VALUE  FROM      YEAR
                                                  NORMAL
..................................................................
TEMPERATURE (F)
 YESTERDAY
  MAXIMUM         68    451 PM  95    2000  67      1       54
  MINIMUM         41    516 AM  23    1967  41      0       37
  AVERAGE         55                        54      1       46

PRECIPITATION (IN)
  YESTERDAY        0.00          1.04 1905   0.09  -0.09      T
  MONTH TO DATE    0.00                      0.35  -0.35     0.05
  SINCE MAR 1      0.82                      3.39  -2.57     3.01
  SINCE JAN 1      1.17                      4.40  -3.23     3.58

DEGREE DAYS
 HEATING
  YESTERDAY       10                        11     -1       19
  MONTH TO DATE   21                        47    -26       67
  SINCE MAR 1   1224                      1539   -315     1739
  SINCE JUL 1   6733                      7037   -304     7734

 COOLING
  YESTERDAY        0                         1     -1        0
  MONTH TO DATE    3                         2      1        0
  SINCE MAR 1      8                         6      2        0
  SINCE JAN 1      8                         6      2        0
..................................................................


WIND (MPH)
  RESULTANT WIND SPEED   7   RESULTANT WIND DIRECTION   E (70)
  HIGHEST WIND SPEED    17   HIGHEST WIND DIRECTION    NE (50)
  HIGHEST GUST SPEED    20   HIGHEST GUST DIRECTION    NE (50)
  AVERAGE WIND SPEED     7.1




RELATIVE HUMIDITY (PERCENT)
 HIGHEST    51           500 AM
 LOWEST     17           400 PM
 AVERAGE    34

..........................................................


THE PIERRE SD CLIMATE NORMALS FOR TODAY
                         NORMAL    RECORD    YEAR
 MAXIMUM TEMPERATURE (F)   67        97      2000
 MINIMUM TEMPERATURE (F)   42        22      1944


SUNRISE AND SUNSET
MAY  5 2015...........SUNRISE   627 AM CDT   SUNSET   850 PM CDT
MAY  6 2015...........SUNRISE   625 AM CDT   SUNSET   851 PM CDT


-  INDICATES NEGATIVE NUMBERS.
R  INDICATES RECORD WAS SET OR TIED.
MM INDICATES DATA IS MISSING.
T  INDICATES TRACE AMOUNT.




$$
