000
CDUS45 KFGZ 051022
CLIPRC
CLIMATE REPORT
NATIONAL WEATHER SERVICE FLAGSTAFF, AZ
321 AM MST TUE MAY 5 2015


...................................

...THE PRESCOTT AZ AIRPORT CLIMATE SUMMARY FOR MAY 4 2015...

CLIMATE NORMAL PERIOD 1981 TO 2010
CLIMATE RECORD PERIOD 1948 TO 2015


WEATHER ITEM   OBSERVED TIME   RECORD YEAR NORMAL DEPARTURE LAST
                VALUE   (LST)  VALUE       VALUE  FROM      YEAR
                                                  NORMAL
..................................................................
TEMPERATURE (F)
 YESTERDAY
  MAXIMUM         61    419 PM  86    2004  73    -12       83
  MINIMUM         50    111 AM  31    1965  43      7       47
  AVERAGE         56                        58     -2

PRECIPITATION (IN)
  YESTERDAY        0.05          0.65 1982   0.02   0.03     0.00
  MONTH TO DATE    0.05                      0.06  -0.01     0.00
  SINCE SEP 1      8.82                      8.45   0.37     5.69
  SINCE JAN 1      4.14                      4.14   0.00     0.97

DEGREE DAYS
 HEATING
  YESTERDAY        9                                2
  MONTH TO DATE    9                              -22
  SINCE JUL 1   3268                             -882

 COOLING
  YESTERDAY        0                                0
  MONTH TO DATE    2                                2
  SINCE JAN 1      3                                1
..................................................................


WIND (MPH)
  HIGHEST WIND SPEED    20   HIGHEST WIND DIRECTION     W (280)
  HIGHEST GUST SPEED    24   HIGHEST GUST DIRECTION     W (280)
  AVERAGE WIND SPEED     7.7


SKY COVER
  AVERAGE SKY COVER 0.6


WEATHER CONDITIONS
 THE FOLLOWING WEATHER WAS RECORDED YESTERDAY.
  LIGHT RAIN


RELATIVE HUMIDITY (PERCENT)
 HIGHEST    77
 LOWEST     47

..........................................................


THE PRESCOTT AZ AIRPORT CLIMATE NORMALS FOR TODAY
                         NORMAL    RECORD    YEAR
 MAXIMUM TEMPERATURE (F)   73        87      1989
 MINIMUM TEMPERATURE (F)   44        29      1964


SUNRISE AND SUNSET
MAY  5 2015...........SUNRISE   536 AM MST   SUNSET   718 PM MST
MAY  6 2015...........SUNRISE   535 AM MST   SUNSET   718 PM MST


-  INDICATES NEGATIVE NUMBERS.
R  INDICATES RECORD WAS SET OR TIED.
MM INDICATES DATA IS MISSING.
T  INDICATES TRACE AMOUNT.




$$
