000
CDUS46 KMFR 210837
CLIRBG


CLIMATE REPORT
NATIONAL WEATHER SERVICE MEDFORD, OR
137 AM PDT TUE APR 21 2015


...................................

...THE ROSEBURG OR CLIMATE SUMMARY FOR APRIL 20 2015...

CLIMATE NORMAL PERIOD 1981 TO 2010
CLIMATE RECORD PERIOD 1931 TO 2015


WEATHER ITEM   OBSERVED TIME   RECORD YEAR NORMAL DEPARTURE LAST
                VALUE   (LST)  VALUE       VALUE  FROM      YEAR
                                                  NORMAL
..................................................................
TEMPERATURE (F)
 YESTERDAY
  MAXIMUM         80    519 PM  91    1934  63     17       73
  MINIMUM         44    542 AM  28    1972  43      1       40
  AVERAGE         62                        53      9       57

PRECIPITATION (IN)
  YESTERDAY        0.00          1.10 1980   0.09  -0.09     0.00
  MONTH TO DATE    0.81                      1.99  -1.18     0.30
  SINCE OCT 1     24.35                     30.18  -5.83    16.41
  SINCE JAN 1     10.07                     14.53  -4.46    12.71

SNOWFALL (IN)
  YESTERDAY       MM                        MM     MM       MM
  MONTH TO DATE   MM                        MM     MM       MM
  SINCE JUL 1      0.0                      MM     MM        0.0
  SNOW DEPTH      MM

DEGREE DAYS
 HEATING
  YESTERDAY        3                        12     -9        8
  MONTH TO DATE  251                       275    -24      186
  SINCE MAR 1    571                       785   -214      583
  SINCE JUL 1   2628                      3654  -1026     3510

 COOLING
  YESTERDAY        0                         0      0        0
  MONTH TO DATE    0                         0      0        0
  SINCE MAR 1      0                         0      0        0
  SINCE JAN 1      0                         0      0        0
..................................................................


WIND (MPH)
  RESULTANT WIND SPEED   2   RESULTANT WIND DIRECTION   N (10)
  HIGHEST WIND SPEED    12   HIGHEST WIND DIRECTION    NW (320)
  HIGHEST GUST SPEED    16   HIGHEST GUST DIRECTION    NW (310)
  AVERAGE WIND SPEED     2.3


SKY COVER
  POSSIBLE SUNSHINE  MM
  AVERAGE SKY COVER 0.0


WEATHER CONDITIONS
 THE FOLLOWING WEATHER WAS RECORDED YESTERDAY.
  NO SIGNIFICANT WEATHER WAS OBSERVED.


RELATIVE HUMIDITY (PERCENT)
 HIGHEST    86           300 AM
 LOWEST     28           400 PM
 AVERAGE    57

..........................................................


THE ROSEBURG OR CLIMATE NORMALS FOR TODAY
                         NORMAL    RECORD    YEAR
 MAXIMUM TEMPERATURE (F)   64        86      1982
 MINIMUM TEMPERATURE (F)   43        30      1968


SUNRISE AND SUNSET
APRIL 21 2015.........SUNRISE   622 AM PDT   SUNSET   803 PM PDT
APRIL 22 2015.........SUNRISE   620 AM PDT   SUNSET   804 PM PDT


-  INDICATES NEGATIVE NUMBERS.
R  INDICATES RECORD WAS SET OR TIED.
MM INDICATES DATA IS MISSING.
T  INDICATES TRACE AMOUNT.




$$
