000
CDUS46 KSTO 200039
CLIRDD

CLIMATE REPORT
NATIONAL WEATHER SERVICE SACRAMENTO, CA
530 PM PDT SUN APR 19 2015

............................................................

...THE REDDING AIRPORT CA CLIMATE SUMMARY FOR APRIL 19 2015...
VALID TODAY AS OF 0500 PM LOCAL TIME.

CLIMATE NORMAL PERIOD 1981 TO 2010
CLIMATE RECORD PERIOD 1986 TO 2015


WEATHER ITEM   OBSERVED RECORD YEAR NORMAL DEPARTURE LAST
                VALUE   VALUE       VALUE  FROM      YEAR
                                           NORMAL
...........................................................
TEMPERATURE (F)
 TODAY
  MAXIMUM         93R    91    2009  71     22       77
  MINIMUM         69     39    1996  47     22       46
  AVERAGE         81

PRECIPITATION (IN)
  TODAY            0.00   0.60 1988   0.09  -0.09     0.00
  MONTH TO DATE    1.05               1.62  -0.57     0.10
  SINCE OCT 1     22.00              30.31  -8.31    16.16
  SINCE JAN 1      5.75              17.46 -11.71    14.05

SNOWFALL (IN)
  TODAY            0.0   MM      MM  MM               0.0
  MONTH TO DATE    0.0               MM               0.0
  SINCE MAR 1      0.0               MM               0.0
  SINCE JUL 1      0.0               MM               5.0

DEGREE DAYS
 HEATING
  TODAY            0

 COOLING
  TODAY           16
...........................................................


WIND (MPH)
  RESULTANT WIND SPEED   7   RESULTANT WIND DIRECTION   N (350)
  HIGHEST WIND SPEED    15   HIGHEST WIND DIRECTION     N (350)
  HIGHEST GUST SPEED    23   HIGHEST GUST DIRECTION    NW (310)


SKY COVER
  POSSIBLE SUNSHINE  MM
  AVERAGE SKY COVER 0.0


WEATHER CONDITIONS
 THE FOLLOWING WEATHER WAS RECORDED TODAY.
  NO SIGNIFICANT WEATHER WAS OBSERVED.


RELATIVE HUMIDITY (PERCENT)
 HIGHEST    22
 LOWEST     10
 AVERAGE    16

..........................................................


THE REDDING AIRPORT CA CLIMATE NORMALS FOR TOMORROW
                         NORMAL    RECORD    YEAR
 MAXIMUM TEMPERATURE (F)   72        96      2009
 MINIMUM TEMPERATURE (F)   47        31      2008


SUNRISE AND SUNSET
APRIL 19 2015.........SUNRISE   625 AM PDT   SUNSET   752 PM PDT
APRIL 20 2015.........SUNRISE   624 AM PDT   SUNSET   753 PM PDT


-  INDICATES NEGATIVE NUMBERS.
R  INDICATES RECORD WAS SET OR TIED.
MM INDICATES DATA IS MISSING.
T  INDICATES TRACE AMOUNT.

&&
....................................................................

REDDING CITY CLIMATE DATA FOR APRIL 19

CLIMATE RECORD PERIOD 1897-1986

RECORD HIGH..............     93 IN 1945
RECORD LOW...............     33 IN 1979

RECORD RAINFALL..........   2.51 IN 1897

$$
POWELL
