000
CDUS42 KRAH 210538
CLIRDU

CLIMATE REPORT
NATIONAL WEATHER SERVICE RALEIGH NC
130 AM EDT TUE APR 21 2015


...................................

...THE RALEIGH-DURHAM INTL AIRPORT NC CLIMATE SUMMARY FOR APRIL 20 2015...

CLIMATE NORMAL PERIOD 1981 TO 2010
CLIMATE RECORD PERIOD 1887 TO 2015


WEATHER ITEM   OBSERVED TIME   RECORD YEAR NORMAL DEPARTURE LAST
                VALUE   (LST)  VALUE       VALUE  FROM      YEAR
                                                  NORMAL
..................................................................
TEMPERATURE (F)
 YESTERDAY
  MAXIMUM         78   1248 PM  93    1896  74      4       68
  MINIMUM         63   1143 PM  28    1983  49     14       49
  AVERAGE         71                        61     10       59

PRECIPITATION (IN)
  YESTERDAY        0.28          2.08 1918   0.10   0.18     0.00
  MONTH TO DATE    3.28                      2.01   1.27     3.59
  SINCE MAR 1      6.56                      6.12   0.44     8.65
  SINCE JAN 1     12.82                     12.85  -0.03    13.61

SNOWFALL (IN)
  YESTERDAY        0.0           0.0  2002   0.0    0.0      0.0
                                      2001
  MONTH TO DATE    0.0                       0.1   -0.1      0.0
  SINCE MAR 1      0.0                       0.6   -0.6      0.2
  SINCE JUL 1      7.9                       6.1    1.8      5.8
  SNOW DEPTH       0

DEGREE DAYS
 HEATING
  YESTERDAY        0                         5     -5        6
  MONTH TO DATE   60                       147    -87      136
  SINCE MAR 1    479                       571    -92      719
  SINCE JUL 1   3376                      3143    233     3420

 COOLING
  YESTERDAY        6                         2      4        0
  MONTH TO DATE   52                        27     25       22
  SINCE MAR 1     56                        38     18       22
  SINCE JAN 1     56                        39     17       22
..................................................................


WIND (MPH)
  HIGHEST WIND SPEED    22   HIGHEST WIND DIRECTION     S (180)
  HIGHEST GUST SPEED    29   HIGHEST GUST DIRECTION     S (170)
  AVERAGE WIND SPEED    11.9


SKY COVER
  POSSIBLE SUNSHINE  MM
  AVERAGE SKY COVER 0.8


WEATHER CONDITIONS
 THE FOLLOWING WEATHER WAS RECORDED YESTERDAY.
  THUNDERSTORM
  LIGHT RAIN
  FOG


RELATIVE HUMIDITY (PERCENT)
 HIGHEST    93          1200 AM
 LOWEST     60          1200 PM
 AVERAGE    77

..........................................................


THE RALEIGH-DURHAM INTL AIRPORT NC CLIMATE NORMALS FOR TODAY
                         NORMAL    RECORD    YEAR
 MAXIMUM TEMPERATURE (F)   74        90      1985
                                             1896
 MINIMUM TEMPERATURE (F)   49        28      1983
                                             1956


SUNRISE AND SUNSET
APRIL 21 2015.........SUNRISE   635 AM EDT   SUNSET   753 PM EDT
APRIL 22 2015.........SUNRISE   634 AM EDT   SUNSET   754 PM EDT


-  INDICATES NEGATIVE NUMBERS.
R  INDICATES RECORD WAS SET OR TIED.
MM INDICATES DATA IS MISSING.
T  INDICATES TRACE AMOUNT.

&&

CLIMATE REPORT NWS FORECAST OFFICE NCSU CENTENNIAL CAMPUS RALEIGH, NC

HIGH TEMPERATURE...78
LOW TEMPERATURE...63
PRECIPITATION... 0.16

$$
