000
CDUS43 KGRB 210643
CLIRHI


CLIMATE REPORT
NATIONAL WEATHER SERVICE GREEN BAY
142 AM CDT TUE APR 21 2015


...................................

...THE RHINELANDER WI CLIMATE SUMMARY FOR APRIL 20 2015...

CLIMATE NORMAL PERIOD 1981 TO 2010
CLIMATE RECORD PERIOD 1908 TO 2015


WEATHER ITEM   OBSERVED TIME   RECORD YEAR NORMAL DEPARTURE LAST
                VALUE   (LST)  VALUE       VALUE  FROM      YEAR
                                                  NORMAL
..................................................................
TEMPERATURE (F)
 YESTERDAY
  MAXIMUM         47    119 AM  85    1987  56     -9       64
  MINIMUM         33   1159 PM   5    1928  32      1       38
  AVERAGE         40                        44     -4       51

PRECIPITATION (IN)
  YESTERDAY        0.43          1.04 1916   0.08   0.35     0.03
  MONTH TO DATE    2.99                      1.61   1.38     3.08
  SINCE MAR 1      3.76                      3.18   0.58     3.84
  SINCE JAN 1      4.65                      5.22  -0.57     6.45

SNOWFALL (IN)
  YESTERDAY        T             6.9  2009  MM     MM        0.0
  MONTH TO DATE   11.0                      MM     MM       25.7
  SINCE MAR 1     17.5                      MM     MM       35.3
  SINCE JUL 1     86.4                      MM     MM      107.8
  SNOW DEPTH       0

DEGREE DAYS
 HEATING
  YESTERDAY       25                        21      4       14
  MONTH TO DATE  439                       513    -74      642
  SINCE MAR 1   1569                      1686   -117     2081
  SINCE JUL 1   8910                      8308    602     9710

 COOLING
  YESTERDAY        0                         0      0        0
  MONTH TO DATE    0                         0      0        0
  SINCE MAR 1      0                         0      0        0
  SINCE JAN 1      0                         0      0        0
..................................................................


WIND (MPH)
  HIGHEST WIND SPEED    24   HIGHEST WIND DIRECTION     W (270)
  HIGHEST GUST SPEED    29   HIGHEST GUST DIRECTION     W (270)
  AVERAGE WIND SPEED    11.6


SKY COVER
  POSSIBLE SUNSHINE  MM
  AVERAGE SKY COVER 0.9


WEATHER CONDITIONS
 THE FOLLOWING WEATHER WAS RECORDED YESTERDAY.
  LIGHT RAIN
  LIGHT SNOW
  FOG


RELATIVE HUMIDITY (PERCENT)
 HIGHEST    96           900 AM
 LOWEST     58           200 AM
 AVERAGE    77

..........................................................


THE RHINELANDER WI CLIMATE NORMALS FOR TODAY
                         NORMAL    RECORD    YEAR
 MAXIMUM TEMPERATURE (F)   57        89      1987
 MINIMUM TEMPERATURE (F)   32        15      1928


SUNRISE AND SUNSET
APRIL 21 2015.........SUNRISE   602 AM CDT   SUNSET   752 PM CDT
APRIL 22 2015.........SUNRISE   600 AM CDT   SUNSET   753 PM CDT


-  INDICATES NEGATIVE NUMBERS.
R  INDICATES RECORD WAS SET OR TIED.
MM INDICATES DATA IS MISSING.
T  INDICATES TRACE AMOUNT.




$$
