000
CDUS41 KRNK 062112
CLIROA


CLIMATE REPORT
NATIONAL WEATHER SERVICE BLACKSBURG VA
510 PM EDT WED MAY 6 2015


...................................

...THE ROANOKE VA CLIMATE SUMMARY FOR MAY 6 2015...
VALID TODAY AS OF 0500 PM LOCAL TIME.

CLIMATE NORMAL PERIOD 1981 TO 2010
CLIMATE RECORD PERIOD 1912 TO 2015


WEATHER ITEM   OBSERVED TIME   RECORD YEAR NORMAL DEPARTURE LAST
                VALUE   (LST)  VALUE       VALUE  FROM      YEAR
                                                  NORMAL
..................................................................
TEMPERATURE (F)
 TODAY
  MAXIMUM         84    227 PM  97    1934  73     11       74
  MINIMUM         57    505 AM  35    1973  51      6       50
  AVERAGE         71                        62      9       62

PRECIPITATION (IN)
  TODAY            0.00          1.81 1944   0.12  -0.12     0.00
  MONTH TO DATE    0.18                      0.70  -0.52     0.06
  SINCE MAR 1      9.49                      7.53   1.96     7.00
  SINCE JAN 1     13.41                     13.34   0.07    13.28

SNOWFALL (IN)
  TODAY            0.0
  MONTH TO DATE    0.0
  SINCE MAR 1      1.9
  SINCE JUL 1     21.7
  SNOW DEPTH       0

DEGREE DAYS
 HEATING
  TODAY            0                         5     -5        3
  MONTH TO DATE   20                        31    -11       18
  SINCE MAR 1    800                       858    -58      928
  SINCE JUL 1   4229                      4063    166     4330

 COOLING
  TODAY            6                         2      4        0
  MONTH TO DATE   11                         8      3        2
  SINCE MAR 1     17                        37    -20       14
  SINCE JAN 1     17                        37    -20       14
..................................................................


WIND (MPH)
  HIGHEST WIND SPEED    13   HIGHEST WIND DIRECTION    SE (120)
  HIGHEST GUST SPEED    16   HIGHEST GUST DIRECTION    SE (130)
  AVERAGE WIND SPEED     2.6


SKY COVER
  POSSIBLE SUNSHINE  MM
  AVERAGE SKY COVER 0.5


WEATHER CONDITIONS
 THE FOLLOWING WEATHER WAS RECORDED TODAY.
  NO SIGNIFICANT WEATHER WAS OBSERVED.


RELATIVE HUMIDITY (PERCENT)
 HIGHEST    93           500 AM
 LOWEST     40           100 PM
 AVERAGE    67

..........................................................


THE ROANOKE VA CLIMATE NORMALS FOR TOMORROW
                         NORMAL    RECORD    YEAR
 MAXIMUM TEMPERATURE (F)   74        93      1940
                                             1934
 MINIMUM TEMPERATURE (F)   51        33      1970


SUNRISE AND SUNSET
MAY  6 2015...........SUNRISE   620 AM EDT   SUNSET   814 PM EDT
MAY  7 2015...........SUNRISE   619 AM EDT   SUNSET   815 PM EDT


-  INDICATES NEGATIVE NUMBERS.
R  INDICATES RECORD WAS SET OR TIED.
MM INDICATES DATA IS MISSING.
T  INDICATES TRACE AMOUNT.


$$

PW
