000
CDUS42 KCHS 270528
CLISAV


CLIMATE REPORT
NATIONAL WEATHER SERVICE CHARLESTON SC
127 AM EDT MON APR 27 2015


...................................

...THE SAVANNAH GA CLIMATE SUMMARY FOR APRIL 26 2015...

CLIMATE NORMAL PERIOD 1981 TO 2010
CLIMATE RECORD PERIOD 1871 TO 2015


WEATHER ITEM   OBSERVED TIME   RECORD YEAR NORMAL DEPARTURE LAST
                VALUE   (LST)  VALUE       VALUE  FROM      YEAR
                                                  NORMAL
..................................................................
TEMPERATURE (F)
 YESTERDAY
  MAXIMUM         88    253 PM  92    1989  80      8       82
  MINIMUM         65    613 AM  38    1910  56      9       59
  AVERAGE         77                        68      9       71

PRECIPITATION (IN)
  YESTERDAY        0.00          2.28 1973   0.09  -0.09     0.00
  MONTH TO DATE    5.38                      2.72   2.66     5.46
  SINCE MAR 1      7.40                      6.45   0.95     8.11
  SINCE JAN 1     14.96                     12.93   2.03    12.22

SNOWFALL (IN)
  YESTERDAY        0.0                       0.0    0.0
  SINCE MAR 1      0.0                       T      0.0
  SINCE JUL 1      0.0                       0.3   -0.3

DEGREE DAYS
 HEATING
  YESTERDAY        0                         1     -1        0
  MONTH TO DATE    7                        72    -65       37
  SINCE MAR 1    151                       282   -131      301
  SINCE JUL 1   1686                      1799   -113     1682

 COOLING
  YESTERDAY       12                         4      8        6
  MONTH TO DATE  176                        75    101       88
  SINCE MAR 1    234                       107    127      100
  SINCE JAN 1    239                       117    122      118
..................................................................


WIND (MPH)
  HIGHEST WIND SPEED    23   HIGHEST WIND DIRECTION     W (260)
  HIGHEST GUST SPEED    29   HIGHEST GUST DIRECTION     W (260)
  AVERAGE WIND SPEED    10.4


SKY COVER
  POSSIBLE SUNSHINE  MM
  AVERAGE SKY COVER 0.3


WEATHER CONDITIONS
 THE FOLLOWING WEATHER WAS RECORDED YESTERDAY.
  NO SIGNIFICANT WEATHER WAS OBSERVED.


RELATIVE HUMIDITY (PERCENT)
 HIGHEST   100          1200 AM
 LOWEST     32           500 PM
 AVERAGE    66

..........................................................


THE SAVANNAH GA CLIMATE NORMALS FOR TODAY
                         NORMAL    RECORD    YEAR
 MAXIMUM TEMPERATURE (F)   80        95      1986
 MINIMUM TEMPERATURE (F)   56        42      2001


SUNRISE AND SUNSET
APRIL 27 2015.........SUNRISE   643 AM EDT   SUNSET   802 PM EDT
APRIL 28 2015.........SUNRISE   642 AM EDT   SUNSET   803 PM EDT


-  INDICATES NEGATIVE NUMBERS.
R  INDICATES RECORD WAS SET OR TIED.
MM INDICATES DATA IS MISSING.
T  INDICATES TRACE AMOUNT.




$$
