000
CDUS41 KAKQ 060532
CLISBY


CLIMATE REPORT
NATIONAL WEATHER SERVICE WAKEFIELD, VA
132 AM EDT WED MAY 6 2015


...................................

...THE SALISBURY MD CLIMATE SUMMARY FOR MAY 5 2015...

CLIMATE NORMAL PERIOD 1981 TO 2010
CLIMATE RECORD PERIOD 1900 TO 2015


WEATHER ITEM   OBSERVED TIME   RECORD YEAR NORMAL DEPARTURE LAST
                VALUE   (LST)  VALUE       VALUE  FROM      YEAR
                                                  NORMAL
..................................................................
TEMPERATURE (F)
 YESTERDAY
  MAXIMUM         82    316 PM  90    1930  71     11       68
  MINIMUM         62    518 AM  28    2003  48     14       48
  AVERAGE         72                        59     13       58

PRECIPITATION (IN)
  YESTERDAY        0.00          1.15 1914   0.11  -0.11      T
  MONTH TO DATE    0.13                      0.51  -0.38     0.12
  SINCE MAR 1      7.87                      8.48  -0.61     9.10
  SINCE JAN 1     15.59                     15.44   0.15    16.32

SNOWFALL (IN)
  YESTERDAY        0.0           0.0  2002   0.0    0.0
                                      2001
  MONTH TO DATE    0.0                       0.0    0.0
  SINCE NOV 1     15.7                       9.3    6.4
  SINCE JUL 1     15.7                       9.3    6.4
  SNOW DEPTH       0

DEGREE DAYS
 HEATING
  YESTERDAY        0                         7     -7        7
  MONTH TO DATE   30                        35     -5       16
  SINCE MAR 1   1014                      1010      4      997
  SINCE JUL 1   4227                      4315    -88     4137

 COOLING
  YESTERDAY        7                         1      6        0
  MONTH TO DATE    8                         5      3        6
  SINCE MAR 1     15                        22     -7       20
  SINCE JAN 1     15                        22     -7       20
..................................................................


WIND (MPH)
  HIGHEST WIND SPEED    17   HIGHEST WIND DIRECTION    SW (240)
  HIGHEST GUST SPEED    26   HIGHEST GUST DIRECTION    SW (230)
  AVERAGE WIND SPEED     9.9


SKY COVER
  POSSIBLE SUNSHINE  MM
  AVERAGE SKY COVER 0.1


WEATHER CONDITIONS
 THE FOLLOWING WEATHER WAS RECORDED YESTERDAY.
  NO SIGNIFICANT WEATHER WAS OBSERVED.


RELATIVE HUMIDITY (PERCENT)
 HIGHEST    84          1100 PM
 LOWEST     42           400 PM
 AVERAGE    63

..........................................................


THE SALISBURY MD CLIMATE NORMALS FOR TODAY
                         NORMAL    RECORD    YEAR
 MAXIMUM TEMPERATURE (F)   71        92      1930
 MINIMUM TEMPERATURE (F)   49        30      1920


SUNRISE AND SUNSET
MAY  6 2015...........SUNRISE   600 AM EDT   SUNSET   758 PM EDT
MAY  7 2015...........SUNRISE   559 AM EDT   SUNSET   759 PM EDT


-  INDICATES NEGATIVE NUMBERS.
R  INDICATES RECORD WAS SET OR TIED.
MM INDICATES DATA IS MISSING.
T  INDICATES TRACE AMOUNT.




$$
