000
CDUS46 KLOX 261101
CLISDB


CLIMATE REPORT
NATIONAL WEATHER SERVICE LOS ANGELES/OXNARD CA
401 AM PDT SUN APR 26 2015


...................................

...THE SANDBERG CA CLIMATE SUMMARY FOR APRIL 25 2015...

CLIMATE NORMAL PERIOD 1981 TO 2010
CLIMATE RECORD PERIOD 1934 TO 2015


WEATHER ITEM   OBSERVED TIME   RECORD YEAR NORMAL DEPARTURE LAST
                VALUE   (LST)  VALUE       VALUE  FROM      YEAR
                                                  NORMAL
..................................................................
TEMPERATURE (F)
 YESTERDAY
  MAXIMUM         55    308 PM  80    1987  61     -6       61
  MINIMUM         42    436 AM  27    1971  44     -2       35
  AVERAGE         49                        52     -3       48

PRECIPITATION (IN)
  YESTERDAY        0.08          1.41 1989   0.02   0.06     0.19
  MONTH TO DATE    0.21                      0.56  -0.35     0.30
  SINCE OCT 1      7.02                     11.57  -4.55     4.22
  SINCE JAN 1      2.12                      7.94  -5.82     3.52

DEGREE DAYS
 HEATING
  YESTERDAY       16                        13      3       17
  MONTH TO DATE  267                       385   -118      205
  SINCE MAR 1    490                       955   -465      547
  SINCE JUL 1   2121                      3714  -1593     2332

 COOLING
  YESTERDAY        0                         0      0        0
  MONTH TO DATE    4                         0      4       21
  SINCE MAR 1     36                         1     35       24
  SINCE JAN 1     39                         1     38       31
..................................................................


WIND (MPH)
  HIGHEST WIND SPEED    29   HIGHEST WIND DIRECTION    NW (320)
  HIGHEST GUST SPEED    37   HIGHEST GUST DIRECTION    NW (330)
  AVERAGE WIND SPEED    13.9


SKY COVER
  POSSIBLE SUNSHINE  MM
  AVERAGE SKY COVER 0.6


WEATHER CONDITIONS
 THE FOLLOWING WEATHER WAS RECORDED YESTERDAY.
  LIGHT RAIN
  FOG
  FOG W/VISIBILITY <= 1/4 MILE
  HAZE


RELATIVE HUMIDITY (PERCENT)
 HIGHEST    86          1200 PM
 LOWEST     53           700 AM
 AVERAGE    70

..........................................................


THE SANDBERG CA CLIMATE NORMALS FOR TODAY
                         NORMAL    RECORD    YEAR
 MAXIMUM TEMPERATURE (F)   61        83      2013
 MINIMUM TEMPERATURE (F)   44        26      1975


SUNRISE AND SUNSET
APRIL 26 2015.........SUNRISE   610 AM PDT   SUNSET   736 PM PDT
APRIL 27 2015.........SUNRISE   609 AM PDT   SUNSET   737 PM PDT


-  INDICATES NEGATIVE NUMBERS.
R  INDICATES RECORD WAS SET OR TIED.
MM INDICATES DATA IS MISSING.
T  INDICATES TRACE AMOUNT.




$$
