000
CDUS43 KLMK 030626
CLISDF


CLIMATE REPORT
NATIONAL WEATHER SERVICE LOUISVILLE KY
226 AM EDT SUN MAY 3 2015


...................................

...THE LOUISVILLE KY CLIMATE SUMMARY FOR MAY 2 2015...

CLIMATE NORMAL PERIOD 1981 TO 2010
CLIMATE RECORD PERIOD 1871 TO 2015


WEATHER ITEM   OBSERVED TIME   RECORD YEAR NORMAL DEPARTURE LAST
                VALUE   (LST)  VALUE       VALUE  FROM      YEAR
                                                  NORMAL
..................................................................
TEMPERATURE (F)
 YESTERDAY
  MAXIMUM         79    405 PM  94    1959  74      5       62
  MINIMUM         52    617 AM  32    1963  53     -1       47
  AVERAGE         66                        63      3       55

PRECIPITATION (IN)
  YESTERDAY        0.00          3.44 2010   0.17  -0.17     0.00
  MONTH TO DATE    0.00                      0.34  -0.34     0.00
  SINCE MAR 1     18.64                      8.52  10.12     9.31
  SINCE JAN 1     21.74                     14.94   6.80    15.47

SNOWFALL (IN)
  YESTERDAY        0.0           T    1940   0.0    0.0      0.0
  MONTH TO DATE    0.0                       0.0    0.0      0.0
  SINCE MAR 1     11.9                       1.5   10.4      4.2
  SINCE JUL 1     27.6                      12.5   15.1     26.0
  SNOW DEPTH       0

DEGREE DAYS
 HEATING
  YESTERDAY        0                         4     -4       10
  MONTH TO DATE    6                         8     -2       20
  SINCE MAR 1    749                       792    -43      844
  SINCE JUL 1   4369                      4033    336     4498

 COOLING
  YESTERDAY        1                         2     -1        0
  MONTH TO DATE    1                         4     -3        0
  SINCE MAR 1     43                        47     -4       31
  SINCE JAN 1     43                        47     -4       31
..................................................................


WIND (MPH)
  HIGHEST WIND SPEED    13   HIGHEST WIND DIRECTION     W (260)
  HIGHEST GUST SPEED    15   HIGHEST GUST DIRECTION     W (260)
  AVERAGE WIND SPEED     2.5


SKY COVER
  POSSIBLE SUNSHINE  MM
  AVERAGE SKY COVER 0.6


WEATHER CONDITIONS
 THE FOLLOWING WEATHER WAS RECORDED YESTERDAY.
  NO SIGNIFICANT WEATHER WAS OBSERVED.


RELATIVE HUMIDITY (PERCENT)
 HIGHEST    77           300 AM
 LOWEST     29           500 PM
 AVERAGE    53

..........................................................


THE LOUISVILLE KY CLIMATE NORMALS FOR TODAY
                         NORMAL    RECORD    YEAR
 MAXIMUM TEMPERATURE (F)   74        93      1959
 MINIMUM TEMPERATURE (F)   53        34      2005


SUNRISE AND SUNSET
MAY  3 2015...........SUNRISE   644 AM EDT   SUNSET   836 PM EDT
MAY  4 2015...........SUNRISE   643 AM EDT   SUNSET   837 PM EDT


-  INDICATES NEGATIVE NUMBERS.
R  INDICATES RECORD WAS SET OR TIED.
MM INDICATES DATA IS MISSING.
T  INDICATES TRACE AMOUNT.




$$
