000
CDUS45 KBYZ 270933
CLISHR


CLIMATE REPORT
NATIONAL WEATHER SERVICE BILLINGS MT
331 AM MDT MON APR 27 2015


...................................

...THE SHERIDAN WY CLIMATE SUMMARY FOR APRIL 26 2015...

CLIMATE NORMAL PERIOD 1981 TO 2010
CLIMATE RECORD PERIOD 1907 TO 2015


WEATHER ITEM   OBSERVED TIME   RECORD YEAR NORMAL DEPARTURE LAST
                VALUE   (LST)  VALUE       VALUE  FROM      YEAR
                                                  NORMAL
..................................................................
TEMPERATURE (F)
 YESTERDAY
  MAXIMUM         43    417 PM  87    1946  61    -18       64
  MINIMUM         34   1215 AM  11    1988  32      2       35
  AVERAGE         39                        46     -7       50

PRECIPITATION (IN)
  YESTERDAY        0.45          1.02        0.07   0.38     0.12
  MONTH TO DATE    1.37                      1.31   0.06     1.36
  SINCE OCT 1      5.89                      6.07  -0.18     8.66
  SINCE JAN 1      3.50                      3.39   0.11     4.90

DEGREE DAYS
 HEATING
  YESTERDAY       26                        19      7       15
  MONTH TO DATE  552                       571    -19      542
  SINCE MAR 1   1253                      1495   -242     1531
  SINCE JUL 1   6483                      7030   -547     7281

 COOLING
  YESTERDAY        0                         0      0        0
  MONTH TO DATE    0                         0      0        0
  SINCE MAR 1      0                         0      0        0
  SINCE JAN 1      0                         0      0        0
..................................................................


WIND (MPH)
  HIGHEST WIND SPEED    14   HIGHEST WIND DIRECTION    NW (310)
  HIGHEST GUST SPEED    16   HIGHEST GUST DIRECTION    NE (30)
  AVERAGE WIND SPEED     5.1


SKY COVER
  POSSIBLE SUNSHINE  MM
  AVERAGE SKY COVER 1.0


WEATHER CONDITIONS
 THE FOLLOWING WEATHER WAS RECORDED YESTERDAY.
  RAIN
  LIGHT RAIN
  FOG


RELATIVE HUMIDITY (PERCENT)
 HIGHEST    92           100 AM
 LOWEST     79           200 AM
 AVERAGE    86

..........................................................


THE SHERIDAN WY CLIMATE NORMALS FOR TODAY
                         NORMAL    RECORD    YEAR
 MAXIMUM TEMPERATURE (F)   61        83      1987
                                             1910
 MINIMUM TEMPERATURE (F)   33        12      1918


SUNRISE AND SUNSET
APRIL 27 2015.........SUNRISE   604 AM MDT   SUNSET   808 PM MDT
APRIL 28 2015.........SUNRISE   603 AM MDT   SUNSET   809 PM MDT


-  INDICATES NEGATIVE NUMBERS.
R  INDICATES RECORD WAS SET OR TIED.
MM INDICATES DATA IS MISSING.
T  INDICATES TRACE AMOUNT.




$$
