000
CDUS45 KSLC 070027
CLISLC


CLIMATE REPORT
NATIONAL WEATHER SERVICE SALT LAKE CITY UT
626 PM MDT WED MAY 6 2015


...................................

...THE SALT LAKE CITY UT CLIMATE SUMMARY FOR MAY 6 2015...
VALID TODAY AS OF 0500 PM LOCAL TIME.

CLIMATE NORMAL PERIOD 1981 TO 2010
CLIMATE RECORD PERIOD 1874 TO 2015


WEATHER ITEM   OBSERVED TIME   RECORD YEAR NORMAL DEPARTURE LAST
                VALUE   (LST)  VALUE       VALUE  FROM      YEAR
                                                  NORMAL
..................................................................
TEMPERATURE (F)
 TODAY
  MAXIMUM         65   1105 AM  91    1947  68     -3       62
  MINIMUM         53    230 PM  25    1965  45      8       43
  AVERAGE         59                        57      2       53

PRECIPITATION (IN)
  TODAY            0.02          0.99 1993   0.07  -0.05     0.04
  MONTH TO DATE    0.04                      0.42  -0.38     0.04
  SINCE OCT 1      6.25                     11.08  -4.83     8.48
  SINCE JAN 1      4.24                      6.70  -2.46     5.47

SNOWFALL (IN)
  TODAY            0.0           1.1  1975   0.0    0.0      0.0
  MONTH TO DATE    0.0                       0.1   -0.1      0.0
  SINCE OCT 1     15.4                      56.0  -40.6     35.5
  SINCE JUL 1     15.4                      56.0  -40.6     35.5
  SNOW DEPTH       0

DEGREE DAYS
 HEATING
  TODAY            6                         9     -3       12
  MONTH TO DATE   11                        58    -47       29
  SINCE MAR 1    848                      1158   -310      901
  SINCE JUL 1   4195                      5414  -1219     4888

 COOLING
  TODAY            0                         1     -1        0
  MONTH TO DATE   11                         5      6        6
  SINCE MAR 1     11                         9      2        6
  SINCE JAN 1     11                         9      2        6
..................................................................


WIND (MPH)
  RESULTANT WIND SPEED   8   RESULTANT WIND DIRECTION  SE (140)
  HIGHEST WIND SPEED    18   HIGHEST WIND DIRECTION     E (110)
  HIGHEST GUST SPEED    22   HIGHEST GUST DIRECTION    SE (130)
  AVERAGE WIND SPEED     9.9


SKY COVER
  POSSIBLE SUNSHINE  MM
  AVERAGE SKY COVER 0.7


WEATHER CONDITIONS
 THE FOLLOWING WEATHER WAS RECORDED TODAY.
  THUNDERSTORM
  LIGHT RAIN
  FOG


RELATIVE HUMIDITY (PERCENT)
 HIGHEST    83           300 AM
 LOWEST     43          1200 PM
 AVERAGE    63

..........................................................


THE SALT LAKE CITY UT CLIMATE NORMALS FOR TOMORROW
                         NORMAL    RECORD    YEAR
 MAXIMUM TEMPERATURE (F)   69        89      1947
                                             1934
 MINIMUM TEMPERATURE (F)   45        27      1965


SUNRISE AND SUNSET
MAY  6 2015...........SUNRISE   620 AM MDT   SUNSET   829 PM MDT
MAY  7 2015...........SUNRISE   619 AM MDT   SUNSET   830 PM MDT


-  INDICATES NEGATIVE NUMBERS.
R  INDICATES RECORD WAS SET OR TIED.
MM INDICATES DATA IS MISSING.
T  INDICATES TRACE AMOUNT.




$$
