000
CDUS41 KBTV 040548
CLISLK


CLIMATE REPORT
NATIONAL WEATHER SERVICE BURLINGTON VT
145 AM EDT MON MAY 4 2015


...................................

...THE SARANAC LAKE NY CLIMATE SUMMARY FOR MAY 3 2015...

CLIMATE NORMAL PERIOD 1981 TO 2010
CLIMATE RECORD PERIOD 9999 TO 9999


WEATHER ITEM   OBSERVED TIME   NORMAL DEPARTURE LAST
                VALUE   (LST)  VALUE  FROM      YEAR
                                      NORMAL
......................................................
TEMPERATURE (F)
 YESTERDAY
  MAXIMUM         74    234 PM  59     15       54
  MINIMUM         31    458 AM  32     -1       39
  AVERAGE         53            45      8       47

PRECIPITATION (IN)
  YESTERDAY        0.00          0.09  -0.09     0.20
  MONTH TO DATE    0.00          0.28  -0.28     0.72
  SINCE MAR 1      3.33          5.45  -2.12     6.41
  SINCE JAN 1      4.20          9.19  -4.99     9.03

DEGREE DAYS
 HEATING
  YESTERDAY       12            20     -8       18
  MONTH TO DATE   49            60    -11       59
  SINCE MAR 1   2270          2126    144     2418
  SINCE JUL 1   9053          8831    222     9402

 COOLING
  YESTERDAY        0             0      0        0
  MONTH TO DATE    0             0      0        0
  SINCE MAR 1      0             0      0        0
  SINCE JAN 1      0             0      0        0
......................................................


WIND (MPH)
  HIGHEST WIND SPEED    16   HIGHEST WIND DIRECTION    SW (230)
  HIGHEST GUST SPEED    21   HIGHEST GUST DIRECTION    SW (240)
  AVERAGE WIND SPEED     4.3


SKY COVER
  AVERAGE SKY COVER 0.4


WEATHER CONDITIONS
 THE FOLLOWING WEATHER WAS RECORDED YESTERDAY.
  HAZE


RELATIVE HUMIDITY (PERCENT)
 HIGHEST    92           400 AM
 LOWEST     22           100 PM
 AVERAGE    57

..........................................................


THE SARANAC LAKE NY CLIMATE NORMALS FOR TODAY
                         NORMAL    RECORD    YEAR
 MAXIMUM TEMPERATURE (F)   59        77      2001
 MINIMUM TEMPERATURE (F)   32        21      2007


SUNRISE AND SUNSET
MAY  4 2015...........SUNRISE   544 AM EDT   SUNSET   804 PM EDT
MAY  5 2015...........SUNRISE   542 AM EDT   SUNSET   805 PM EDT


-  INDICATES NEGATIVE NUMBERS.
R  INDICATES RECORD WAS SET OR TIED.
MM INDICATES DATA IS MISSING.
T  INDICATES TRACE AMOUNT.




$$
