000
CDUS43 KICT 050651
CLISLN


CLIMATE REPORT
NATIONAL WEATHER SERVICE WICHITA KS
150 AM CDT TUE MAY 5 2015


...................................

...THE SALINA KS CLIMATE SUMMARY FOR MAY 4 2015...

CLIMATE NORMAL PERIOD 1981 TO 2010
CLIMATE RECORD PERIOD 1894 TO 2015


WEATHER ITEM   OBSERVED TIME   RECORD YEAR NORMAL DEPARTURE LAST
                VALUE   (LST)  VALUE       VALUE  FROM      YEAR
                                                  NORMAL
..................................................................
TEMPERATURE (F)
 YESTERDAY
  MAXIMUM         84    113 PM  96    2014  73     11       96
  MINIMUM         60    559 AM  24    1907  50     10       50
  AVERAGE         72                        61     11       73

PRECIPITATION (IN)
  YESTERDAY        1.87R         1.83 1969   0.13   1.74     0.00
  MONTH TO DATE    1.89                      0.50   1.39     0.00
  SINCE MAR 1      3.77                      5.94  -2.17     1.63
  SINCE JAN 1      5.21                      7.74  -2.53     3.44

DEGREE DAYS
 HEATING
  YESTERDAY        0                         5     -5        0
  MONTH TO DATE    2                        23    -21       24
  SINCE MAR 1    734                       950   -216     1072
  SINCE JUL 1   4563                      4791   -228     5322

 COOLING
  YESTERDAY        7                         2      5        8
  MONTH TO DATE   26                         5     21        8
  SINCE MAR 1     38                        30      8       44
  SINCE JAN 1     38                        30      8       44
..................................................................


WIND (MPH)
  HIGHEST WIND SPEED    25   HIGHEST WIND DIRECTION    NW (300)
  HIGHEST GUST SPEED    31   HIGHEST GUST DIRECTION    NW (310)
  AVERAGE WIND SPEED    10.0


SKY COVER
  POSSIBLE SUNSHINE  MM
  AVERAGE SKY COVER 0.4


WEATHER CONDITIONS
 THE FOLLOWING WEATHER WAS RECORDED YESTERDAY.
  THUNDERSTORM
  HEAVY RAIN
  RAIN
  LIGHT RAIN
  FOG


RELATIVE HUMIDITY (PERCENT)
 HIGHEST    87           800 PM
 LOWEST     43           200 PM
 AVERAGE    65

..........................................................


THE SALINA KS CLIMATE NORMALS FOR TODAY
                         NORMAL    RECORD    YEAR
 MAXIMUM TEMPERATURE (F)   73       104      1909
 MINIMUM TEMPERATURE (F)   50        30      1917


SUNRISE AND SUNSET
MAY  5 2015...........SUNRISE   629 AM CDT   SUNSET   827 PM CDT
MAY  6 2015...........SUNRISE   627 AM CDT   SUNSET   828 PM CDT


-  INDICATES NEGATIVE NUMBERS.
R  INDICATES RECORD WAS SET OR TIED.
MM INDICATES DATA IS MISSING.
T  INDICATES TRACE AMOUNT.




$$

JMBW
