000
CDAK48 PASN 251108
CLISNP

CLIMATE REPORT
NATIONAL WEATHER SERVICE ST PAUL, AK
308 AM AKDT SAT APR 25 2015

...................................
...THE ST PAUL AIRPORT CLIMATE SUMMARY FOR APRIL 24 2015...

CLIMATE NORMAL PERIOD  1981 TO  2010
CLIMATE RECORD PERIOD  1892 TO  2015

WEATHER ITEM   OBSERVED TIME    RECORD YEAR NORMAL DEPARTURE LAST
               VALUE    (LST)   VALUE       VALUE  FROM      YEAR
                                                   NORMAL
...................................................................
TEMPERATURE
YESTERDAY
 MAXIMUM            35  0403 PM    43  1979     35       0     41
 MINIMUM            31  1102 PM     2  1976     27       4     35
 AVERAGE            33                          31       2     38

PRECIPITATION
(INCHES)
 YESTERDAY        0.01           0.69  1995   0.04   -0.03      T
 MONTH TO DATE    1.12                        0.87    0.25   0.78
 SINCE MAR 1      1.80                        1.94   -0.14   1.98
 SINCE JAN 1      4.12                        4.82   -0.70   6.31

SNOWFALL
(INCHES)
 YESTERDAY           T            3.5  1995    0.2    -0.2      T
 MONTH TO DATE     8.5                         5.0     3.5    1.0
 SINCE MAR 1      17.9                        13.0     4.9    9.4
 SINCE JUL 1      47.6                        58.0   -10.4   43.7
 SNOW DEPTH (IN)     0                                          T

DEGREE DAYS
 HEATING
  YESTERDAY         32                          34      -2     27
  MONTH TO DATE    871                         875      -4    755
  SINCE MAR 1     2046                        2112     -66   2001
  SINCE JUL 1     8003                        9031   -1028   8447

 COOLING
  YESTERDAY          0                           0       0      0
  MONTH TO DATE      0                           0       0      0
  SINCE MAR 1        0                           0       0      0
  SINCE JAN 1        0                           0       0      0
...................................................................

WIND (MPH)
 HIGHEST WIND SPEED    25     HIGHEST WIND DIRECTION    330
 HIGHEST GUST SPEED    32     HIGHEST GUST DIRECTION    330
 AVERAGE WIND SPEED  12.9

SKY COVER
  POSSIBLE SUNSHINE    MM          AVERAGE SKY COVER     MM

WEATHER CONDITIONS
 THE FOLLOWING WEATHER WAS RECORDED YESTERDAY.
  RAIN
  SNOW
  FOG
  DENSE FOG

RELATIVE HUMIDITY
 HIGHEST RH     MM PERCENT       MM
 LOWEST  RH     MM PERCENT       MM
 AVERAGE RH     MM PERCENT       MM
...................................................................

THE ST PAUL CLIMATE NORMALS FOR TODAY
                           NORMAL    RECORD   YEAR
 MAXIMUM TEMPERATURE (F)     36        45     1979
 MINIMUM TEMPERATURE (F)     28         6     1976

SUNRISE AND SUNSET
 APR 25 2015..........SUNRISE  7:47 AM      SUNSET 10:53 PM
 APR 26 2015..........SUNRISE  7:45 AM      SUNSET 10:55 PM

-  INDICATES NEGATIVE NUMBERS.
R  INDICATES RECORD HAS BEEN SET OR TIED.
MM INDICATES DATA IS MISSING.
T  INDICATES TRACE OF PRECIPITATION.

&&
-------------------------------------------------------------------

AMOUNT OF DAYLIGHT TODAY  (HOUR:MIN)........15 HOURS 6 MINUTES
GAIN/LOSS SINCE YESTERDAY (HOUR:MIN:SEC)....+0:04:39

$$
HCH APR 15
