000
CDUS46 KMTR 250045
CLISNS


CLIMATE REPORT
NATIONAL WEATHER SERVICE SAN FRANCISCO BAY AREA
545 PM PDT FRI APR 24 2015


...................................

...THE SALINAS AIRPORT CLIMATE SUMMARY FOR APRIL 24 2015...
VALID TODAY AS OF 0500 PM LOCAL TIME.

CLIMATE NORMAL PERIOD 1981 TO 2010
CLIMATE RECORD PERIOD 1930 TO 2015


WEATHER ITEM   OBSERVED TIME   RECORD YEAR NORMAL DEPARTURE LAST
                VALUE   (LST)  VALUE       VALUE  FROM      YEAR
                                                  NORMAL
..................................................................
TEMPERATURE (F)
 TODAY
  MAXIMUM         66    224 PM  84    1992  68     -2       69
  MINIMUM         55    303 AM  34    1937  47      8       47
  AVERAGE         61                        58      3       58

PRECIPITATION (IN)
  TODAY            0.00          0.22 1989   0.02  -0.02     0.00
  MONTH TO DATE    0.36                      0.81  -0.45     0.37
  SINCE OCT 1      9.18                     12.07  -2.89     5.55
  SINCE JAN 1      1.19                      8.16  -6.97     4.72

DEGREE DAYS
 HEATING
  TODAY            4                         8     -4        7
  MONTH TO DATE  146                       210    -64      150
  SINCE MAR 1    259                       530   -271      348
  SINCE JUL 1   1108                      2344  -1236     1780

 COOLING
  TODAY            0                         0      0        0
  MONTH TO DATE    1                         0      1        3
  SINCE MAR 1     18                         1     17        4
  SINCE JAN 1     26                         1     25        6
..................................................................


WIND (MPH)
  RESULTANT WIND SPEED  13   RESULTANT WIND DIRECTION   W (250)
  HIGHEST WIND SPEED    23   HIGHEST WIND DIRECTION    SW (240)
  HIGHEST GUST SPEED    26   HIGHEST GUST DIRECTION    SW (240)
  AVERAGE WIND SPEED    13.1


SKY COVER
  POSSIBLE SUNSHINE  MM
  AVERAGE SKY COVER 0.5


WEATHER CONDITIONS
 THE FOLLOWING WEATHER WAS RECORDED TODAY.
  NO SIGNIFICANT WEATHER WAS OBSERVED.


RELATIVE HUMIDITY (PERCENT)
 HIGHEST    83           400 AM
 LOWEST     44           200 PM
 AVERAGE    64

..........................................................


THE SALINAS AIRPORT CLIMATE NORMALS FOR TOMORROW
                         NORMAL    RECORD    YEAR
 MAXIMUM TEMPERATURE (F)   68        91      2004
 MINIMUM TEMPERATURE (F)   47        34      1944


SUNRISE AND SUNSET
APRIL 24 2015.........SUNRISE   521 AM PST   SUNSET   649 PM PST
APRIL 25 2015.........SUNRISE   520 AM PST   SUNSET   649 PM PST


-  INDICATES NEGATIVE NUMBERS.
R  INDICATES RECORD WAS SET OR TIED.
MM INDICATES DATA IS MISSING.
T  INDICATES TRACE AMOUNT.




$$
