000
CDUS42 KTBW 272130
CLISRQ


CLIMATE REPORT
NATIONAL WEATHER SERVICE TAMPA BAY FL
530 PM EDT MON APR 27 2015


...................................

...THE SARASOTA BRADENTON CLIMATE SUMMARY FOR APRIL 27 2015...
VALID TODAY AS OF 0500 PM LOCAL TIME.

CLIMATE NORMAL PERIOD 1981 TO 2010
CLIMATE RECORD PERIOD 1911 TO 2015


WEATHER ITEM   OBSERVED TIME   RECORD YEAR NORMAL DEPARTURE LAST
                VALUE   (LST)  VALUE       VALUE  FROM      YEAR
                                                  NORMAL
..................................................................
TEMPERATURE (F)
 TODAY
  MAXIMUM         88    256 PM  91    1971  83      5       85
  MINIMUM         78    612 AM  45    1926  63     15       67
  AVERAGE         83                        73     10       76

PRECIPITATION (IN)
  TODAY            0.00          3.05 1997   0.06  -0.06     0.00
  MONTH TO DATE    0.85                      2.27  -1.42     1.24
  SINCE MAR 1      1.83                      6.13  -4.30     7.71
  SINCE JAN 1      6.71                     11.32  -4.61    11.33

DEGREE DAYS
 HEATING
  TODAY            0                         0      0        0
  MONTH TO DATE    0                         8     -8        0
  SINCE MAR 1     13                        57    -44       37
  SINCE JUL 1    470                       475     -5      345

 COOLING
  TODAY           18                         8     10       11
  MONTH TO DATE  305                       169    136      169
  SINCE MAR 1    527                       269    258      255
  SINCE JAN 1    596                       373    223      371
..................................................................


WIND (MPH)
  RESULTANT WIND SPEED   7   RESULTANT WIND DIRECTION   W (280)
  HIGHEST WIND SPEED    15   HIGHEST WIND DIRECTION    NW (330)
  HIGHEST GUST SPEED    19   HIGHEST GUST DIRECTION     N (340)
  AVERAGE WIND SPEED     9.0


SKY COVER
  POSSIBLE SUNSHINE  MM
  AVERAGE SKY COVER 0.5


WEATHER CONDITIONS
 THE FOLLOWING WEATHER WAS RECORDED TODAY.
  NO SIGNIFICANT WEATHER WAS OBSERVED.


RELATIVE HUMIDITY (PERCENT)
 HIGHEST    91           200 AM
 LOWEST     51          1200 PM

..........................................................


THE SARASOTA BRADENTON CLIMATE NORMALS FOR TOMORROW
                         NORMAL    RECORD    YEAR
 MAXIMUM TEMPERATURE (F)   83        92      1974
                                             1932
 MINIMUM TEMPERATURE (F)   64        45      1977


SUNRISE AND SUNSET
APRIL 27 2015.........SUNRISE   655 AM EDT   SUNSET   801 PM EDT
APRIL 28 2015.........SUNRISE   654 AM EDT   SUNSET   802 PM EDT


-  INDICATES NEGATIVE NUMBERS.
R  INDICATES RECORD WAS SET OR TIED.
MM INDICATES DATA IS MISSING.
T  INDICATES TRACE AMOUNT.




$$
