000
CDUS42 KJAX 070531
CLISSI


CLIMATE REPORT
NATIONAL WEATHER SERVICE JACKSONVILLE FL
131 AM EDT THU MAY 7 2015


...................................

...THE ST SIMONS ISLAND CLIMATE SUMMARY FOR MAY 6 2015...

CLIMATE NORMAL PERIOD 1981 TO 2010
CLIMATE RECORD PERIOD 1948 TO 2015


WEATHER ITEM   OBSERVED TIME   RECORD YEAR NORMAL DEPARTURE LAST
                VALUE   (LST)  VALUE       VALUE  FROM      YEAR
                                                  NORMAL
..................................................................
TEMPERATURE (F)
 YESTERDAY
  MAXIMUM         77    314 PM  95    1952  80     -3       90
  MINIMUM         65   1159 PM  50    1973  64      1       65
  AVERAGE         71                        72     -1       78

PRECIPITATION (IN)
  YESTERDAY        0.00          2.55 1966   0.05  -0.05     0.00
  MONTH TO DATE    0.00                      0.31  -0.31     0.10
  SINCE MAR 1      5.80                      6.68  -0.88    10.56
  SINCE JAN 1     11.52                     13.37  -1.85    17.04

SNOWFALL (IN)
  YESTERDAY        0.0           0.0    MM                   0.0
  MONTH TO DATE    0.0                                       0.0
  SINCE MAR 1      0.0                                       0.0
  SINCE JUL 1      0.0                                        T
  SNOW DEPTH       0

DEGREE DAYS
 HEATING
  YESTERDAY        0                         0      0        0
  MONTH TO DATE    1                         2     -1        0
  SINCE MAR 1    115                       235   -120      265
  SINCE JUL 1   1495                      1486      9     1493

 COOLING
  YESTERDAY        6                         7     -1       13
  MONTH TO DATE   22                        40    -18       42
  SINCE MAR 1    227                       174     53      172
  SINCE JAN 1    233                       183     50      180
..................................................................


WIND (MPH)
  HIGHEST WIND SPEED    21   HIGHEST WIND DIRECTION     N (20)
  HIGHEST GUST SPEED    26   HIGHEST GUST DIRECTION    NE (40)
  AVERAGE WIND SPEED    10.8


SKY COVER
  POSSIBLE SUNSHINE  MM
  AVERAGE SKY COVER 0.5


WEATHER CONDITIONS
 THE FOLLOWING WEATHER WAS RECORDED YESTERDAY.
  NO SIGNIFICANT WEATHER WAS OBSERVED.


RELATIVE HUMIDITY (PERCENT)
 HIGHEST    90           100 AM
 LOWEST     64          1200 PM
 AVERAGE    77

..........................................................


THE ST SIMONS ISLAND CLIMATE NORMALS FOR TODAY
                         NORMAL    RECORD    YEAR
 MAXIMUM TEMPERATURE (F)   80        95      1952
 MINIMUM TEMPERATURE (F)   64        48      1992


SUNRISE AND SUNSET
MAY  7 2015...........SUNRISE   636 AM EDT   SUNSET   809 PM EDT
MAY  8 2015...........SUNRISE   635 AM EDT   SUNSET   809 PM EDT


-  INDICATES NEGATIVE NUMBERS.
R  INDICATES RECORD WAS SET OR TIED.
MM INDICATES DATA IS MISSING.
T  INDICATES TRACE AMOUNT.




$$
