000
CDUS43 KTOP 060632
CLITOP


CLIMATE REPORT
NATIONAL WEATHER SERVICE TOPEKA KS
131 AM CDT WED MAY 6 2015


...................................

...THE TOPEKA KS CLIMATE SUMMARY FOR MAY 5 2015...

CLIMATE NORMAL PERIOD 1981 TO 2010
CLIMATE RECORD PERIOD 1887 TO 2015


WEATHER ITEM   OBSERVED TIME   RECORD YEAR NORMAL DEPARTURE LAST
                VALUE   (LST)  VALUE       VALUE  FROM      YEAR
                                                  NORMAL
..................................................................
TEMPERATURE (F)
 YESTERDAY
  MAXIMUM         80    511 PM  97    1940  73      7       87
  MINIMUM         58    539 AM  32    1944  51      7       55
  AVERAGE         69                        62      7       71

PRECIPITATION (IN)
  YESTERDAY        0.53          2.17 1977   0.15   0.38     0.00
  MONTH TO DATE    0.89                      0.76   0.13     0.00
  SINCE MAR 1      4.06                      6.78  -2.72     4.18
  SINCE JAN 1      6.05                      8.96  -2.91     5.84

SNOWFALL (IN)
  YESTERDAY        0.0           T    1944   0.0    0.0      0.0
  MONTH TO DATE    0.0                       0.0    0.0      0.0
  SINCE JAN 1      7.9                      11.3   -3.4     23.1
  SINCE JUL 1     10.3                      17.8   -7.5     27.4
  SNOW DEPTH       0

DEGREE DAYS
 HEATING
  YESTERDAY        0                         5     -5        0
  MONTH TO DATE    4                        28    -24       27
  SINCE MAR 1    785                       978   -193     1049
  SINCE JUL 1   4786                      4945   -159     5371

 COOLING
  YESTERDAY        4                         2      2        6
  MONTH TO DATE   25                         8     17       11
  SINCE MAR 1     30                        36     -6       34
  SINCE JAN 1     30                        36     -6       34
..................................................................


WIND (MPH)
  HIGHEST WIND SPEED    38   HIGHEST WIND DIRECTION     S (160)
  HIGHEST GUST SPEED    52   HIGHEST GUST DIRECTION    SE (140)
  AVERAGE WIND SPEED     7.9


SKY COVER
  AVERAGE SKY COVER 0.6


WEATHER CONDITIONS
 THE FOLLOWING WEATHER WAS RECORDED YESTERDAY.
  THUNDERSTORM
  HEAVY RAIN
  RAIN
  LIGHT RAIN
  FOG


RELATIVE HUMIDITY (PERCENT)
 HIGHEST   100          1100 PM
 LOWEST     42           200 PM
 AVERAGE    71

..........................................................


THE TOPEKA KS CLIMATE NORMALS FOR TODAY
                         NORMAL    RECORD    YEAR
 MAXIMUM TEMPERATURE (F)   73        92      1916
 MINIMUM TEMPERATURE (F)   51        30      1944


SUNRISE AND SUNSET
MAY  6 2015...........SUNRISE   619 AM CDT   SUNSET   820 PM CDT
MAY  7 2015...........SUNRISE   618 AM CDT   SUNSET   821 PM CDT


-  INDICATES NEGATIVE NUMBERS.
R  INDICATES RECORD WAS SET OR TIED.
MM INDICATES DATA IS MISSING.
T  INDICATES TRACE AMOUNT.




$$
