000
CDUS45 KLKN 020029
CLITPH


CLIMATE REPORT
NATIONAL WEATHER SERVICE ELKO NV
527 PM PDT WED APR 1 2015


...................................

...THE TONOPAH AIRPORT NV CLIMATE SUMMARY FOR APRIL 1 2015...
VALID TODAY AS OF 0500 PM LOCAL TIME.

CLIMATE NORMAL PERIOD 1981 TO 2010
CLIMATE RECORD PERIOD 1954 TO 2015


WEATHER ITEM   OBSERVED TIME   RECORD YEAR NORMAL DEPARTURE LAST
                VALUE   (LST)  VALUE       VALUE  FROM      YEAR
                                                  NORMAL
..................................................................
TEMPERATURE (F)
 TODAY
  MAXIMUM         61    316 PM  80    2011  60      1       49
                                      1966
  MINIMUM         35    558 AM  16    1982  31      4       27
  AVERAGE         48                        46      2       38

PRECIPITATION (IN)
  TODAY            0.00          0.27 1998   0.02  -0.02      T
  MONTH TO DATE    0.00                      0.02  -0.02      T
  SINCE OCT 1      0.92                      2.69  -1.77     1.15
  SINCE JAN 1      0.44                      1.60  -1.16     0.69

DEGREE DAYS
 HEATING
  TODAY           17                        19     -2       27
  MONTH TO DATE   17                        19     -2       27
  SINCE MAR 1    470                       704   -234      641
  SINCE JUL 1   3592                      4746  -1154     4414

 COOLING
  TODAY            0                         0      0        0
  MONTH TO DATE    0                         0      0        0
  SINCE MAR 1      0                         0      0        0
  SINCE JAN 1      0                         0      0        0
..................................................................


WIND (MPH)
  HIGHEST WIND SPEED    30   HIGHEST WIND DIRECTION    NW (330)
  HIGHEST GUST SPEED    37   HIGHEST GUST DIRECTION    NW (330)



WEATHER CONDITIONS
 THE FOLLOWING WEATHER WAS RECORDED TODAY.
  NO SIGNIFICANT WEATHER WAS OBSERVED.


RELATIVE HUMIDITY (PERCENT)
 HIGHEST    47           600 AM
 LOWEST     10           200 PM
 AVERAGE    29

..........................................................


THE TONOPAH AIRPORT NV CLIMATE NORMALS FOR TOMORROW
                         NORMAL    RECORD    YEAR
 MAXIMUM TEMPERATURE (F)   61        78      2002
 MINIMUM TEMPERATURE (F)   31         9      1958


SUNRISE AND SUNSET
APRIL  1 2015.........SUNRISE   634 AM PDT   SUNSET   711 PM PDT
APRIL  2 2015.........SUNRISE   632 AM PDT   SUNSET   712 PM PDT


-  INDICATES NEGATIVE NUMBERS.
R  INDICATES RECORD WAS SET OR TIED.
MM INDICATES DATA IS MISSING.
T  INDICATES TRACE AMOUNT.




$$
