000
CDUS45 KLKN 200027
CLITPH


CLIMATE REPORT
NATIONAL WEATHER SERVICE ELKO NV
527 PM PDT SUN APR 19 2015


...................................

...THE TONOPAH AIRPORT NV CLIMATE SUMMARY FOR APRIL 19 2015...
VALID TODAY AS OF 0500 PM LOCAL TIME.

CLIMATE NORMAL PERIOD 1981 TO 2010
CLIMATE RECORD PERIOD 1954 TO 2015


WEATHER ITEM   OBSERVED TIME   RECORD YEAR NORMAL DEPARTURE LAST
                VALUE   (LST)  VALUE       VALUE  FROM      YEAR
                                                  NORMAL
..................................................................
TEMPERATURE (F)
 TODAY
  MAXIMUM         74    321 PM  84    1989  65      9       74
  MINIMUM         43    525 AM  18    2007  35      8       41
  AVERAGE         59                        50      9       58

PRECIPITATION (IN)
  TODAY            0.00          0.42 1964   0.02  -0.02     0.00
  MONTH TO DATE    T                         0.28  -0.28     0.01
  SINCE OCT 1      0.92                      2.95  -2.03     1.16
  SINCE JAN 1      0.44                      1.86  -1.42     0.70

DEGREE DAYS
 HEATING
  TODAY            6                        15     -9        7
  MONTH TO DATE  320                       325     -5      244
  SINCE MAR 1    773                      1010   -237      858
  SINCE JUL 1   3895                      5052  -1157     4631

 COOLING
  TODAY            0                         0      0        0
  MONTH TO DATE    0                         0      0        0
  SINCE MAR 1      0                         0      0        0
  SINCE JAN 1      0                         0      0        0
..................................................................


WIND (MPH)
  HIGHEST WIND SPEED    21   HIGHEST WIND DIRECTION     N (360)
  HIGHEST GUST SPEED    26   HIGHEST GUST DIRECTION     W (290)



WEATHER CONDITIONS
 THE FOLLOWING WEATHER WAS RECORDED TODAY.
  NO SIGNIFICANT WEATHER WAS OBSERVED.


RELATIVE HUMIDITY (PERCENT)
 HIGHEST    31           500 AM
 LOWEST      4           300 PM
 AVERAGE    18

..........................................................


THE TONOPAH AIRPORT NV CLIMATE NORMALS FOR TOMORROW
                         NORMAL    RECORD    YEAR
 MAXIMUM TEMPERATURE (F)   66        83      1994
 MINIMUM TEMPERATURE (F)   36        16      1966


SUNRISE AND SUNSET
APRIL 19 2015.........SUNRISE   608 AM PDT   SUNSET   728 PM PDT
APRIL 20 2015.........SUNRISE   606 AM PDT   SUNSET   729 PM PDT


-  INDICATES NEGATIVE NUMBERS.
R  INDICATES RECORD WAS SET OR TIED.
MM INDICATES DATA IS MISSING.
T  INDICATES TRACE AMOUNT.




$$
