000
CDUS41 KPHI 050629
CLITTN


CLIMATE REPORT
NATIONAL WEATHER SERVICE MOUNT HOLLY NJ
228 AM EDT TUE MAY 5 2015


...................................

...THE TRENTON NJ CLIMATE SUMMARY FOR MAY 4 2015...

CLIMATE NORMAL PERIOD 1981 TO 2010
CLIMATE RECORD PERIOD 1865 TO 2015


WEATHER ITEM   OBSERVED TIME   RECORD YEAR NORMAL DEPARTURE LAST
                VALUE   (LST)  VALUE       VALUE  FROM      YEAR
                                                  NORMAL
..................................................................
TEMPERATURE (F)
 YESTERDAY
  MAXIMUM         83    350 PM  89    2001  68     15       64
  MINIMUM         49    425 AM  33    1986  47      2       51
  AVERAGE         66                        57      9       58

PRECIPITATION (IN)
  YESTERDAY        0.00          1.54 1893   0.11  -0.11      T
  MONTH TO DATE    T                         0.38  -0.38     0.33
  SINCE MAR 1      6.84                      8.06  -1.22     9.86
  SINCE JAN 1     13.43                     13.53  -0.10    17.52

SNOWFALL (IN)
  YESTERDAY       MM            MM      MM  MM     MM       MM
  MONTH TO DATE   MM                        MM     MM       MM
  SINCE MAR 1     MM                        MM     MM       MM
  SINCE JUL 1     MM                        MM     MM       MM
  SNOW DEPTH      MM

DEGREE DAYS
 HEATING
  YESTERDAY        0                         8     -8        7
  MONTH TO DATE   22                        35    -13       19
  SINCE MAR 1   1245                      1189     56     1301
  SINCE JUL 1   5328                      5003    325     5387

 COOLING
  YESTERDAY        1                         1      0        0
  MONTH TO DATE    1                         4     -3        3
  SINCE MAR 1      1                        12    -11        9
  SINCE JAN 1      1                        12    -11        9
..................................................................


WIND (MPH)
  HIGHEST WIND SPEED    22   HIGHEST WIND DIRECTION    SW (210)
  HIGHEST GUST SPEED    28   HIGHEST GUST DIRECTION    SW (210)
  AVERAGE WIND SPEED     7.0


SKY COVER
  POSSIBLE SUNSHINE  MM
  AVERAGE SKY COVER 0.1


WEATHER CONDITIONS
 THE FOLLOWING WEATHER WAS RECORDED YESTERDAY.
  NO SIGNIFICANT WEATHER WAS OBSERVED.


RELATIVE HUMIDITY (PERCENT)
 HIGHEST    71           600 AM
 LOWEST     22           100 PM
 AVERAGE    47

..........................................................


THE TRENTON NJ CLIMATE NORMALS FOR TODAY
                         NORMAL    RECORD    YEAR
 MAXIMUM TEMPERATURE (F)   68        91      1928
 MINIMUM TEMPERATURE (F)   47        35      1911


SUNRISE AND SUNSET
MAY  5 2015...........SUNRISE   554 AM EDT   SUNSET   758 PM EDT
MAY  6 2015...........SUNRISE   553 AM EDT   SUNSET   759 PM EDT


-  INDICATES NEGATIVE NUMBERS.
R  INDICATES RECORD WAS SET OR TIED.
MM INDICATES DATA IS MISSING.
T  INDICATES TRACE AMOUNT.




$$
