000
CDUS44 KTSA 211415
CLITUL

CLIMATE REPORT
NATIONAL WEATHER SERVICE TULSA OK
914 AM CDT TUE APR 21 2015


...................................

...THE TULSA OKLAHOMA CLIMATE SUMMARY FOR APRIL 21 2015...
VALID AS OF 0900 AM LOCAL TIME.

CLIMATE NORMAL PERIOD 1981 TO 2010
CLIMATE RECORD PERIOD 1882 TO 2015


WEATHER ITEM   OBSERVED TIME   RECORD YEAR NORMAL DEPARTURE LAST
                VALUE   (LST)  VALUE       VALUE  FROM      YEAR
                                                  NORMAL
..................................................................
TEMPERATURE (F)
 TODAY
  MAXIMUM         57    759 AM  94    1965  73    -16       73
  MINIMUM         50    326 AM  32    1966  51     -1       55
  AVERAGE         54                        62     -8       64

PRECIPITATION (IN)
  TODAY            0.01          2.54 1928   0.13  -0.12     0.77
  MONTH TO DATE    3.02                      2.41   0.61     1.33
  SINCE MAR 1      6.73                      5.70   1.03     3.69
  SINCE JAN 1      9.05                      9.21  -0.16     4.14

SNOWFALL (IN)
  TODAY            0.0                                       0.0
  MONTH TO DATE    0.0                                        T
  SINCE MAR 1      0.3                                       2.4
  SINCE JUL 1      8.5                                      12.4

DEGREE DAYS
 HEATING
  TODAY           11                         5      6        1
  MONTH TO DATE   91                       153    -62      165
  SINCE MAR 1    472                       591   -119      727
  SINCE JUL 1   3487                      3502    -15     4028

 COOLING
  TODAY            0                         2     -2        0
  MONTH TO DATE   53                        31     22       18
  SINCE MAR 1     66                        42     24       19
  SINCE JAN 1     66                        43     23       19
..................................................................


WIND (MPH)
  HIGHEST WIND SPEED    14   HIGHEST WIND DIRECTION    SW (220)
  HIGHEST GUST SPEED    23   HIGHEST GUST DIRECTION     S (200)
  AVERAGE WIND SPEED     6.6


SKY COVER
  POSSIBLE SUNSHINE  MM
  AVERAGE SKY COVER 0.9


WEATHER CONDITIONS
 THE FOLLOWING WEATHER WAS RECORDED TODAY.
  LIGHT RAIN


RELATIVE HUMIDITY (PERCENT)
 HIGHEST    63          1200 AM
 LOWEST     57           800 AM
 AVERAGE    60

..........................................................


THE TULSA OKLAHOMA CLIMATE NORMALS FOR TOMORROW
                         NORMAL    RECORD    YEAR
 MAXIMUM TEMPERATURE (F)   74        91      2009
                                             1965
                                             1955
 MINIMUM TEMPERATURE (F)   51        32      1931


SUNRISE AND SUNSET
APRIL 21 2015.........SUNRISE   643 AM CDT   SUNSET   802 PM CDT
APRIL 22 2015.........SUNRISE   642 AM CDT   SUNSET   803 PM CDT


-  INDICATES NEGATIVE NUMBERS.
R  INDICATES RECORD WAS SET OR TIED.
MM INDICATES DATA IS MISSING.
T  INDICATES TRACE AMOUNT.




$$

&&
...........................................................

HOURLY TEMPERATURE DATA
 YESTERDAY
11AM NOON  1PM  2PM  3PM  4PM  5PM  6PM  7PM  8PM  9PM 10PM 11PM
  58   60   62   64   65   65   63   64   63   60   59   56   53

 TODAY
 MID  1AM  2AM  3AM  4AM  5AM  6AM  7AM  8AM  9AM
  52   51   53   52   50   51   53   56   56   57
...........................................................
ALL DATA MEASURED AT THE TULSA INTERNATIONAL AIRPORT...
EXCEPT SNOWFALL...WHICH IS MEASURED AT THE NWS OFFICE.
