000
CDUS43 KLOT 040639
CLIUGN


CLIMATE REPORT
NATIONAL WEATHER SERVICE CHICAGO IL
138 AM CDT MON MAY 4 2015


...................................

...THE WAUKEGAN   CLIMATE SUMMARY FOR MAY 3 2015...

CLIMATE NORMAL PERIOD 1981 TO 2010
CLIMATE RECORD PERIOD 2000 TO 2015


WEATHER ITEM   OBSERVED TIME   RECORD YEAR NORMAL DEPARTURE LAST
                VALUE   (LST)  VALUE       VALUE  FROM      YEAR
                                                  NORMAL
..................................................................
TEMPERATURE (F)
 YESTERDAY
  MAXIMUM         78   1221 PM  85    2012  62     16       65
  MINIMUM         54    536 AM  25    2004  43     11       45
  AVERAGE         66

PRECIPITATION (IN)
  YESTERDAY        0.23R         0.20 2013   0.12   0.11     0.00
  MONTH TO DATE    0.23                      0.38  -0.15     0.07
  SINCE MAR 1      5.11                      6.18  -1.07     3.85
  SINCE JAN 1      5.65                      9.23  -3.58     5.87

DEGREE DAYS
 HEATING
  YESTERDAY        0                        13    -13       10
  MONTH TO DATE   22                        40    -18       47
  SINCE MAR 1   1606                      1536     70     1819
  SINCE JUL 1   7131                      6482    649     7688

 COOLING
  YESTERDAY        1                         0      1        0
  MONTH TO DATE    1                         0      1        0
  SINCE MAR 1      1                         4     -3        0
  SINCE JAN 1      1                         4     -3        0
..................................................................


WIND (MPH)
  RESULTANT WIND SPEED   9   RESULTANT WIND DIRECTION   S (200)
  HIGHEST WIND SPEED    28   HIGHEST WIND DIRECTION    SW (210)
  HIGHEST GUST SPEED    34   HIGHEST GUST DIRECTION    SW (210)
  AVERAGE WIND SPEED    10.0


SKY COVER
  POSSIBLE SUNSHINE  MM
  AVERAGE SKY COVER 0.4


WEATHER CONDITIONS
 THE FOLLOWING WEATHER WAS RECORDED YESTERDAY.
  HEAVY RAIN
  LIGHT RAIN
  FOG


RELATIVE HUMIDITY (PERCENT)
 HIGHEST    97
 LOWEST     38
 AVERAGE    68

..........................................................


THE WAUKEGAN   CLIMATE NORMALS FOR TODAY
                         NORMAL    RECORD    YEAR
 MAXIMUM TEMPERATURE (F)   62        82      2000
 MINIMUM TEMPERATURE (F)   43        -1      2008


SUNRISE AND SUNSET
MAY  4 2015...........SUNRISE   543 AM CDT   SUNSET   754 PM CDT
MAY  5 2015...........SUNRISE   542 AM CDT   SUNSET   755 PM CDT


-  INDICATES NEGATIVE NUMBERS.
R  INDICATES RECORD WAS SET OR TIED.
MM INDICATES DATA IS MISSING.
T  INDICATES TRACE AMOUNT.




$$
