000
CDUS42 KMLB 270626
CLIVRB


CLIMATE REPORT
NATIONAL WEATHER SERVICE MELBOURNE FL
226 AM EDT MON APR 27 2015


...................................

...THE VERO BEACH CLIMATE SUMMARY FOR APRIL 26 2015...

CLIMATE NORMAL PERIOD 1981 TO 2010
CLIMATE RECORD PERIOD 1942 TO 2015


WEATHER ITEM   OBSERVED TIME   RECORD YEAR NORMAL DEPARTURE LAST
                VALUE   (LST)  VALUE       VALUE  FROM      YEAR
                                                  NORMAL
..................................................................
TEMPERATURE (F)
 YESTERDAY
  MAXIMUM         95R   320 PM  95    1945  82     13       83
  MINIMUM         74    623 AM  48    1983  63     11       63
  AVERAGE         85                        72     13       73

PRECIPITATION (IN)
  YESTERDAY        0.00          2.70 1997   0.09  -0.09     0.00
  MONTH TO DATE    2.37                      2.39  -0.02     1.99
  SINCE MAR 1      4.75                      6.51  -1.76     3.94
  SINCE JAN 1      8.38                     11.68  -3.30    10.49

SNOWFALL (IN)
  YESTERDAY        0.0
  MONTH TO DATE    0.0
  SINCE JUL 1      0.0

DEGREE DAYS
 HEATING
  YESTERDAY        0                         0      0        0
  MONTH TO DATE    0                        13    -13        5
  SINCE MAR 1     12                        68    -56       33
  SINCE JUL 1    384                       453    -69      268

 COOLING
  YESTERDAY       20                         8     12        8
  MONTH TO DATE  314                       158    156      176
  SINCE MAR 1    557                       287    270      296
  SINCE JAN 1    682                       426    256      504
..................................................................


WIND (MPH)
  HIGHEST WIND SPEED    25   HIGHEST WIND DIRECTION     W (260)
  HIGHEST GUST SPEED    32   HIGHEST GUST DIRECTION     W (260)
  AVERAGE WIND SPEED    13.6


SKY COVER
  AVERAGE SKY COVER 0.2


WEATHER CONDITIONS
 THE FOLLOWING WEATHER WAS RECORDED YESTERDAY.
  NO SIGNIFICANT WEATHER WAS OBSERVED.


RELATIVE HUMIDITY (PERCENT)
 HIGHEST    87           200 AM
 LOWEST     41           300 PM
 AVERAGE    64

..........................................................


THE VERO BEACH CLIMATE NORMALS FOR TODAY
                         NORMAL    RECORD    YEAR
 MAXIMUM TEMPERATURE (F)   82        93      2006
 MINIMUM TEMPERATURE (F)   63        50      1983


SUNRISE AND SUNSET
APRIL 27 2015.........SUNRISE   646 AM EDT   SUNSET   753 PM EDT
APRIL 28 2015.........SUNRISE   645 AM EDT   SUNSET   754 PM EDT


-  INDICATES NEGATIVE NUMBERS.
R  INDICATES RECORD WAS SET OR TIED.
MM INDICATES DATA IS MISSING.
T  INDICATES TRACE AMOUNT.




$$
