000
CDUS41 KBTV 180541
CLIVSF


CLIMATE REPORT
NATIONAL WEATHER SERVICE BURLINGTON VT
140 AM EDT SAT APR 18 2015


...................................

...THE SPRINGFIELD VT CLIMATE SUMMARY FOR APRIL 17 2015...

CLIMATE NORMAL PERIOD 1981 TO 2010
CLIMATE RECORD PERIOD 9999 TO 9999


WEATHER ITEM   OBSERVED TIME   NORMAL DEPARTURE LAST
                VALUE   (LST)  VALUE  FROM      YEAR
                                      NORMAL
......................................................
TEMPERATURE (F)
 YESTERDAY
  MAXIMUM         64    400 PM  57      7       48
  MINIMUM         40   1158 PM  33      7       19
  AVERAGE         52            45      7       34

PRECIPITATION (IN)
  YESTERDAY        0.03          0.11  -0.08     0.00
  MONTH TO DATE    0.92          2.30  -1.38     1.94
  SINCE MAR 1      1.77          5.60  -3.83     3.96
  SINCE JAN 1      5.92         11.21  -5.29     7.65

DEGREE DAYS
 HEATING
  YESTERDAY       13            20     -7       31
  MONTH TO DATE  410           402      8      389
  SINCE MAR 1   1609          1437    172     1661
  SINCE JUL 1   7161          6882    279     7372

 COOLING
  YESTERDAY        0             0      0        0
  MONTH TO DATE    0             0      0        0
  SINCE MAR 1      0             0      0        0
  SINCE JAN 1      0             0      0        0
......................................................


WIND (MPH)
  HIGHEST WIND SPEED    16   HIGHEST WIND DIRECTION     W (250)
  HIGHEST GUST SPEED    23   HIGHEST GUST DIRECTION     W (260)
  AVERAGE WIND SPEED     3.3


SKY COVER
  AVERAGE SKY COVER 0.5


WEATHER CONDITIONS
 THE FOLLOWING WEATHER WAS RECORDED YESTERDAY.
  LIGHT RAIN
  FOG


RELATIVE HUMIDITY (PERCENT)
 HIGHEST    93          1000 AM
 LOWEST     36          1200 AM
 AVERAGE    65

..........................................................


THE SPRINGFIELD VT CLIMATE NORMALS FOR TODAY
                         NORMAL    RECORD    YEAR
 MAXIMUM TEMPERATURE (F)   57        87      2002
 MINIMUM TEMPERATURE (F)   34        20      2014


SUNRISE AND SUNSET
APRIL 18 2015.........SUNRISE   603 AM EDT   SUNSET   736 PM EDT
APRIL 19 2015.........SUNRISE   602 AM EDT   SUNSET   737 PM EDT


-  INDICATES NEGATIVE NUMBERS.
R  INDICATES RECORD WAS SET OR TIED.
MM INDICATES DATA IS MISSING.
T  INDICATES TRACE AMOUNT.




$$
