000
CDUS43 KLBF 262214
CLIVTN

CLIMATE REPORT
NATIONAL WEATHER SERVICE NORTH PLATTE
513 PM CDT SUN APR 26 2015


...................................

...THE VALENTINE NE CLIMATE SUMMARY FOR APRIL 26 2015...
VALID TODAY AS OF 0500 PM LOCAL TIME.

CLIMATE NORMAL PERIOD 1981 TO 2010
CLIMATE RECORD PERIOD 1885 TO 2015


WEATHER ITEM   OBSERVED TIME   RECORD YEAR NORMAL DEPARTURE LAST
                VALUE   (LST)  VALUE       VALUE  FROM      YEAR
                                                  NORMAL
..................................................................
TEMPERATURE (F)
 TODAY
  MAXIMUM         60    408 PM  90    1981  65     -5       75
                                      1901
  MINIMUM         44    544 AM  21    1992  37      7       50
                                      1950
  AVERAGE         52                        51      1       63

PRECIPITATION (IN)
  TODAY            0.00          1.87 1938   0.09  -0.09     0.00
  MONTH TO DATE    1.60                      1.85  -0.25     0.51
  SINCE MAR 1      1.63                      2.92  -1.29     1.00
  SINCE JAN 1      2.25                      3.66  -1.41     1.66

SNOWFALL (IN)
  TODAY            0.0           7.0  1971   0.1   -0.1      0.0
  MONTH TO DATE    0.3                       4.3   -4.0      3.3
  SINCE MAR 1      0.8                      10.8  -10.0      8.3
  SINCE JUL 1     22.5                      32.9  -10.4     34.8
  SNOW DEPTH       0

DEGREE DAYS
 HEATING
  TODAY           13                        15     -2        2
  MONTH TO DATE  403                       500    -97      438
  SINCE MAR 1   1090                      1393   -303     1407
  SINCE JUL 1   6216                      6629   -413     6885

 COOLING
  TODAY            0                         0      0        0
  MONTH TO DATE    0                         0      0        0
  SINCE MAR 1      2                         0      2        0
  SINCE JAN 1      2                         0      2        0
..................................................................


WIND (MPH)
  HIGHEST WIND SPEED    20   HIGHEST WIND DIRECTION    SE (120)
  HIGHEST GUST SPEED    25   HIGHEST GUST DIRECTION    SE (120)
  AVERAGE WIND SPEED    12.4


SKY COVER
  POSSIBLE SUNSHINE  MM
  AVERAGE SKY COVER 0.9


WEATHER CONDITIONS
 THE FOLLOWING WEATHER WAS RECORDED TODAY.
  NO SIGNIFICANT WEATHER WAS OBSERVED.


RELATIVE HUMIDITY (PERCENT)
 HIGHEST    83           500 AM
 LOWEST     47           300 PM
 AVERAGE    65

..........................................................


THE VALENTINE NE CLIMATE NORMALS FOR TOMORROW
                         NORMAL    RECORD    YEAR
 MAXIMUM TEMPERATURE (F)   65        89      1952
 MINIMUM TEMPERATURE (F)   37        21      1950


SUNRISE AND SUNSET
APRIL 26 2015.........SUNRISE   644 AM CDT   SUNSET   837 PM CDT
APRIL 27 2015.........SUNRISE   642 AM CDT   SUNSET   838 PM CDT


-  INDICATES NEGATIVE NUMBERS.
R  INDICATES RECORD WAS SET OR TIED.
MM INDICATES DATA IS MISSING.
T  INDICATES TRACE AMOUNT.

$$
