000
CDUS46 KLOX 190120
CLIWJF


CLIMATE REPORT
NATIONAL WEATHER SERVICE LOS ANGELES/OXNARD CA
620 PM PDT SAT APR 18 2015


...................................

...THE LANCASTER CLIMATE SUMMARY FOR APRIL 18 2015...
VALID TODAY AS OF 0600 PM LOCAL TIME.

CLIMATE NORMAL PERIOD 1981 TO 2010
CLIMATE RECORD PERIOD 1948 TO 2015


WEATHER ITEM   OBSERVED TIME   RECORD YEAR NORMAL DEPARTURE LAST
                VALUE   (LST)  VALUE       VALUE  FROM      YEAR
                                                  NORMAL
..................................................................
TEMPERATURE (F)
 TODAY
  MAXIMUM         84    231 PM  93    1954  74     10       78
  MINIMUM         47    557 AM  31    2013  45      2       53
  AVERAGE         66                        60      6       66

PRECIPITATION (IN)
  TODAY            0.00          0.42 1983   0.01  -0.01     0.00
  MONTH TO DATE    0.01                      0.25  -0.24     0.09
  SINCE OCT 1      4.33                      6.80  -2.47     3.77
  SINCE JAN 1      1.41                      4.67  -3.26     2.18

SNOWFALL (IN)
  TODAY            0.0           0.0    MM   0.0             0.0
  MONTH TO DATE    0.0                       0.0             0.0
  SINCE MAR 1      0.0                       0.0             0.0
  SINCE JUL 1      0.0                       2.3             0.0
  SNOW DEPTH       0

DEGREE DAYS
 HEATING
  TODAY            0                         6     -6        0
  MONTH TO DATE  141                       148     -7      100
  SINCE MAR 1    359                       516   -157      387
  SINCE JUL 1   2228                      2809   -581     2624

 COOLING
  TODAY            1                         1      0        1
  MONTH TO DATE    3                         9     -6       16
  SINCE MAR 1      9                        11     -2       16
  SINCE JAN 1      9                        11     -2       22
..................................................................


WIND (MPH)
  HIGHEST WIND SPEED    24   HIGHEST WIND DIRECTION    SW (220)
  HIGHEST GUST SPEED    31   HIGHEST GUST DIRECTION    SW (230)
  AVERAGE WIND SPEED     7.5


SKY COVER
  POSSIBLE SUNSHINE  MM
  AVERAGE SKY COVER 0.0


WEATHER CONDITIONS
 THE FOLLOWING WEATHER WAS RECORDED TODAY.
  NO SIGNIFICANT WEATHER WAS OBSERVED.


RELATIVE HUMIDITY (PERCENT)
 HIGHEST    38           600 AM
 LOWEST      9           200 PM
 AVERAGE    24

..........................................................


THE LANCASTER CLIMATE NORMALS FOR TOMORROW
                         NORMAL    RECORD    YEAR
 MAXIMUM TEMPERATURE (F)   74        94      1950
 MINIMUM TEMPERATURE (F)   46        29      2007


SUNRISE AND SUNSET
APRIL 18 2015.........SUNRISE   618 AM PDT   SUNSET   727 PM PDT
APRIL 19 2015.........SUNRISE   616 AM PDT   SUNSET   728 PM PDT


-  INDICATES NEGATIVE NUMBERS.
R  INDICATES RECORD WAS SET OR TIED.
MM INDICATES DATA IS MISSING.
T  INDICATES TRACE AMOUNT.




$$
