000
CDUS46 KLOX 010914
CLIWJF


CLIMATE REPORT
NATIONAL WEATHER SERVICE LOS ANGELES/OXNARD CA
214 AM PDT WED APR 1 2015


...................................

...THE LANCASTER FOX FIELD CA CLIMATE SUMMARY FOR MARCH 31 2015...

CLIMATE NORMAL PERIOD 1981 TO 2010
CLIMATE RECORD PERIOD 1948 TO 2015


WEATHER ITEM   OBSERVED TIME   RECORD YEAR NORMAL DEPARTURE
                VALUE   (LST)  VALUE       VALUE  FROM
                                                  NORMAL
...............................................................
TEMPERATURE (F)
 YESTERDAY
  MAXIMUM         75   1239 PM  91    1966  70      5
  MINIMUM         55   1159 PM  27    2009  41     14
  AVERAGE         65                        55     10

PRECIPITATION (IN)
  YESTERDAY        0.00          0.47 1967   0.02  -0.02
  MONTH TO DATE    0.04                      1.14  -1.10
  SINCE OCT 1      4.32                      6.55  -2.23
  SINCE JAN 1      1.40                      4.42  -3.02

SNOWFALL (IN)
  YESTERDAY        0.0           1.0  1967
  MONTH TO DATE    0.0
  SINCE MAR 1      0.0
  SINCE JUL 1      0.0
  SNOW DEPTH       0

DEGREE DAYS
 HEATING
  YESTERDAY        0                              -10
  MONTH TO DATE  218                             -149
  SINCE MAR 1    218                             -150
  SINCE JUL 1   2087                             -574

 COOLING
  YESTERDAY        0                                0
  MONTH TO DATE    6                                4
  SINCE MAR 1      6                                4
  SINCE JAN 1      6                                4
...............................................................


WIND (MPH)
  HIGHEST WIND SPEED    39   HIGHEST WIND DIRECTION     W (270)
  HIGHEST GUST SPEED    44   HIGHEST GUST DIRECTION     W (270)
  AVERAGE WIND SPEED    23.0




RELATIVE HUMIDITY (PERCENT)
 HIGHEST    44
 LOWEST     14
 AVERAGE    29

..........................................................


THE LANCASTER FOX FIELD CA CLIMATE NORMALS FOR TODAY
                         NORMAL    RECORD    YEAR
 MAXIMUM TEMPERATURE (F)   70        93      1966
 MINIMUM TEMPERATURE (F)   41        29      1988


SUNRISE AND SUNSET
APRIL  1 2015.........SUNRISE   640 AM PDT   SUNSET   714 PM PDT
APRIL  2 2015.........SUNRISE   639 AM PDT   SUNSET   715 PM PDT


-  INDICATES NEGATIVE NUMBERS.
R  INDICATES RECORD WAS SET OR TIED.
MM INDICATES DATA IS MISSING.
T  INDICATES TRACE AMOUNT.




$$
