000
CXUS54 KFWD 010848 RRA
CLMACT

CLIMATE REPORT
NATIONAL WEATHER SERVICE FORT WORTH TX
340 AM CDT FRI MAY 1 2015

...................................

...THE WACO CLIMATE SUMMARY FOR THE MONTH OF APRIL 2015...

CLIMATE NORMAL PERIOD 1981 TO 2010
CLIMATE RECORD PERIOD 1901 TO 2015

WEATHER         OBSERVED          NORMAL  DEPART  LAST YEAR`S
                 VALUE   DATE(S)  VALUE   FROM    VALUE  DATE(S)
                                          NORMAL
................................................................
TEMPERATURE (F)
RECORD
 HIGH             101   04/09/1963
 LOW               26   04/07/2009
HIGHEST            88   04/25        90      -2       90  04/27
LOWEST             43   04/15        38       5       31  04/15
AVG. MAXIMUM     77.2              77.6    -0.4     77.3
AVG. MINIMUM     57.5              54.6     2.9     53.2
MEAN             67.4              66.1     1.3     65.2
DAYS MAX >= 90      0               1.2    -1.2        1
DAYS MAX <= 32      0               0.0     0.0        0
DAYS MAX >= 100     0                                  0
DAYS MIN <= 32      0               0.2    -0.2        1
DAYS MIN <= 0       0               0.0     0.0        0
DAYS MIN >= 80      0                                  0

PRECIPITATION (INCHES)
RECORD
 MAXIMUM        13.91   1977
 MINIMUM         0.12   1983
TOTALS           4.49              2.69    1.80     1.76
DAILY AVG.       0.15              0.09    0.06     0.06
DAYS >= .01        13               6.3     6.7        7
DAYS >= .10         8               3.8     4.2        3
DAYS >= .50         2               1.9     0.1        2
DAYS >= 1.00        1               0.7     0.3        0
GREATEST
 24 HR. TOTAL    2.14   04/22 TO 04/22              1.21
                        04/21 TO 04/22
                        04/22 TO 04/22

SNOWFALL (INCHES)
RECORDS
 TOTAL            3.5   2007
 24 HR TOTAL      3.5   04/07/2007 TO 04/08/2007
TOTALS            0.0               0.2    -0.2      0.0
SINCE 7/1         1.4               1.2     0.2      0.1
SNOWDEPTH AVG.      0                MM      MM        0
DAYS >= TRACE       0                                  0
DAYS >= 1.0         0               0.0     0.0        0
GREATEST
 SNOW DEPTH         0   MM                             0  MM
 24 HR TOTAL      0.0                                0.0

DEGREE_DAYS
HEATING TOTAL      55                78     -23      100
 SINCE 7/1       2304              2136     168     2593
COOLING TOTAL     134               111      23      114
 SINCE 1/1        161               154       7      129
.................................................................

WIND (MPH)
AVERAGE WIND SPEED              9.6
HIGHEST WIND SPEED/DIRECTION    33/260    DATE  04/24
HIGHEST GUST SPEED/DIRECTION    49/290    DATE  04/26

SKY COVER
POSSIBLE SUNSHINE (PERCENT)   MM
AVERAGE SKY COVER           0.50
NUMBER OF DAYS FAIR            9
NUMBER OF DAYS PC             15
NUMBER OF DAYS CLOUDY          6

AVERAGE RH (PERCENT)     76

WEATHER CONDITIONS. NUMBER OF DAYS WITH
THUNDERSTORM             10     MIXED PRECIP               0
HEAVY RAIN                5     RAIN                       7
LIGHT RAIN               16     FREEZING RAIN              0
LT FREEZING RAIN          0     HAIL                       0
HEAVY SNOW                0     SNOW                       0
LIGHT SNOW                0     SLEET                      0
FOG                      20     FOG W/VIS <= 1/4 MILE      0
HAZE                     10

-  INDICATES NEGATIVE NUMBERS.
R  INDICATES RECORD WAS SET OR TIED.
MM INDICATES DATA IS MISSING.
T  INDICATES TRACE AMOUNT.

$$
