000
CXUS42 KFFC 120325
CLMAHN


CLIMATE REPORT
NATIONAL WEATHER SERVICE PEACHTREE CITY GA
1124 PM EDT SAT APR 11 2015

...................................

...THE ATHENS CLIMATE SUMMARY FOR THE MONTH OF MARCH 2015...

CLIMATE NORMAL PERIOD 1981 TO 2010
CLIMATE RECORD PERIOD 1898 TO 2015

WEATHER         OBSERVED          NORMAL  DEPART  LAST YEAR`S
                 VALUE   DATE(S)  VALUE   FROM    VALUE  DATE(S)
                                          NORMAL
................................................................
TEMPERATURE (F)
RECORD
 HIGH              90   03/17/1945
 LOW                9   03/06/1899
HIGHEST            87   03/16        80       7       80  03/31
                                                          03/11
LOWEST             27   03/29        26       1       28  03/26
                        03/07                             03/14
AVG. MAXIMUM     68.8              66.2     2.6     64.2
AVG. MINIMUM     44.8              42.5     2.3     38.8
MEAN             56.8              54.3     2.5     51.5
DAYS MAX >= 90      0               0.0     0.0        0
DAYS MAX <= 32      0               0.0     0.0        0
DAYS MIN <= 32      2               3.6    -1.6        5
DAYS MIN <= 0       0               0.0     0.0        0

PRECIPITATION (INCHES)
RECORD
 MAXIMUM        14.15   1929
 MINIMUM         0.99   1905
TOTALS           2.79              4.43   -1.64     3.37
DAILY AVG.       0.09              0.14   -0.05     0.11
GREATEST
 24 HR. TOTAL    0.89   03/19 TO 03/19           03/16 TO 03/16
                                                          03/31 TO 03/31
                                                          03/31 TO 03/31

SNOWFALL (INCHES)
RECORDS
 TOTAL              T   2008
 24 HR TOTAL        T   MM
TOTALS            0.0               0.8    -0.8      0.0
SINCE 7/1           T               2.9    -2.9      2.8
SNOWDEPTH AVG.      0                MM      MM        0
DAYS >= TRACE       0               0.2    -0.2        0
DAYS >= 1.0         0               0.1    -0.1        0
GREATEST
 24 HR TOTAL      0.0   03/31 TO 03/31           03/31 TO 03/31
                                                          03/31 TO 03/31
                                                          03/31 TO 03/31

DEGREE_DAYS
HEATING TOTAL     253               340     -87      409
 SINCE 7/1       2759              2595     164     2871
COOLING TOTAL       7                10      -3        0
 SINCE 1/1          7                11      -4        1
..................................................

WIND (MPH)
AVERAGE WIND SPEED              5.9
HIGHEST WIND SPEED/DIRECTION    25/300    DATE  03/05
HIGHEST GUST SPEED/DIRECTION    34/300    DATE  03/05

SKY COVER
POSSIBLE SUNSHINE (PERCENT)   MM
AVERAGE SKY COVER           0.50
NUMBER OF DAYS FAIR           11
NUMBER OF DAYS PC              8
NUMBER OF DAYS CLOUDY         12

AVERAGE RH (PERCENT)     65

WEATHER CONDITIONS. NUMBER OF DAYS WITH
THUNDERSTORM              0     MIXED PRECIP               0
HEAVY RAIN                4     RAIN                       7
LIGHT RAIN               17     FREEZING RAIN              0
LT FREEZING RAIN          0     HAIL                       0
HEAVY SNOW                0     SNOW                       0
LIGHT SNOW                0     SLEET                      0
FOG                      19     FOG W/VIS <= 1/4 MILE      6
HAZE                      8

-  INDICATES NEGATIVE NUMBERS.
R  INDICATES RECORD WAS SET OR TIED.
MM INDICATES DATA IS MISSING.
T  INDICATES TRACE AMOUNT.

$$
