000
CXUS52 KJAX 011442
CLMAMG

CLIMATE REPORT
NATIONAL WEATHER SERVICE JACKSONVILLE FL
1027 AM EDT FRI MAY 1 2015

...................................

...THE ALMA CLIMATE SUMMARY FOR THE MONTH OF APRIL 2015...

CLIMATE NORMAL PERIOD 1981 TO 2010
CLIMATE RECORD PERIOD 1948 TO 2015

WEATHER         OBSERVED          NORMAL  DEPART  LAST YEAR`S
                 VALUE   DATE(S)  VALUE   FROM    VALUE  DATE(S)
                                          NORMAL
................................................................
TEMPERATURE (F)
RECORD
 HIGH              96   04/27/1986
 LOW               30   04/08/2007
HIGHEST            89   04/08        79      10       88  04/28
                                                          04/27
                                                          04/03
LOWEST             52   04/22        54      -2       40  04/16
                        04/05
AVG. MAXIMUM     79.8              78.7     1.1     78.0
AVG. MINIMUM     60.7              53.7     7.0     53.7
MEAN             70.2              66.2     4.0     65.8
DAYS MAX >= 90      0               0.8    -0.8        0
DAYS MAX <= 32      0               0.0     0.0        0
DAYS MIN <= 32      0               0.1    -0.1        0
DAYS MIN <= 0       0               0.0     0.0        0

PRECIPITATION (INCHES)
RECORD
 MAXIMUM         8.15   1949
 MINIMUM         0.05   2007
TOTALS           3.65              2.81    0.84     7.66
DAILY AVG.       0.12              0.09    0.03     0.26
DAYS >= .01        10               6.4     3.6        6
DAYS >= .10         6               4.0     2.0        6
DAYS >= .50         3               1.8     1.2        4
DAYS >= 1.00        1               0.8     0.2        4
GREATEST
 24 HR. TOTAL    1.11

SNOWFALL (INCHES)
RECORDS
 TOTAL             MM   MM
TOTALS            0.0               0.0     0.0      0.0
SINCE 7/1         0.0               0.1    -0.1        T
SNOWDEPTH AVG.      0                MM      MM        0
DAYS >= 1.0         0               0.0     0.0        0
GREATEST
 SNOW DEPTH         0   MM                             0  MM
 24 HR TOTAL      0.0

DEGREE_DAYS
HEATING TOTAL       7                64     -57       58
 SINCE 7/1       1816              1653     163     1804
COOLING TOTAL     172               100      72       90
 SINCE 1/1        227               154      73      102
.................................................................

WIND (MPH)
AVERAGE WIND SPEED              5.0
HIGHEST WIND SPEED/DIRECTION    24/MM     DATE   MM
HIGHEST GUST SPEED/DIRECTION    33/MM     DATE   MM

SKY COVER
POSSIBLE SUNSHINE (PERCENT)   MM
AVERAGE SKY COVER           0.40
NUMBER OF DAYS FAIR           15
NUMBER OF DAYS PC              8
NUMBER OF DAYS CLOUDY          7

AVERAGE RH (PERCENT)     74

WEATHER CONDITIONS. NUMBER OF DAYS WITH
THUNDERSTORM              0     MIXED PRECIP               0
HEAVY RAIN                6     RAIN                       7
LIGHT RAIN               11     FREEZING RAIN              0
LT FREEZING RAIN          0     HAIL                       0
HEAVY SNOW                0     SNOW                       0
LIGHT SNOW                0     SLEET                      0
FOG                      17     FOG W/VIS <= 1/4 MILE      5
HAZE                      0

-  INDICATES NEGATIVE NUMBERS.
R  INDICATES RECORD WAS SET OR TIED.
MM INDICATES DATA IS MISSING.
T  INDICATES TRACE AMOUNT.

$$
