000
CXUS43 KLOT 011438
CLMARR


CLIMATE REPORT
NATIONAL WEATHER SERVICE CHICAGO IL
900 AM CDT WED APR 1 2015

...................................

...THE AURORA MUNICIPAL AIRPORT CLIMATE SUMMARY FOR THE MONTH OF MARCH 2015...

CLIMATE NORMAL PERIOD 1981 TO 2010
CLIMATE RECORD PERIOD 1998 TO 2015

WEATHER         OBSERVED          NORMAL  DEPART  LAST YEAR`S
                 VALUE   DATE(S)  VALUE   FROM    VALUE
                                          NORMAL
.............................................................
TEMPERATURE (F)
RECORD
 HIGH              83   03/20/2012
 LOW              -12   03/04/2002
HIGHEST            74   03/16        MM      MM       66
LOWEST             -6   03/05        MM      MM       -9
AVG. MAXIMUM     45.5              47.0    -1.5     39.3
AVG. MINIMUM     23.2              26.9    -3.7     20.3
MEAN             34.3              37.0    -2.7     29.8

PRECIPITATION (INCHES)
RECORD
 MAXIMUM           MM   MM
 MINIMUM           MM   MM
TOTALS           0.38              2.23   -1.85     0.72

DEGREE_DAYS
HEATING TOTAL     945               870      75     1081
 SINCE 7/1       6400              6008     392     6657
COOLING TOTAL       0                 0       0        0
 SINCE 1/1          0                 0       0        0
..............................................................

WIND (MPH)
AVERAGE WIND SPEED              9.1
HIGHEST WIND SPEED/DIRECTION    28/310    DATE  03/29
HIGHEST GUST SPEED/DIRECTION    37/230    DATE  03/29

AVERAGE RH (PERCENT)     65


-  INDICATES NEGATIVE NUMBERS.
R  INDICATES RECORD WAS SET OR TIED.
MM INDICATES DATA IS MISSING.
T  INDICATES TRACE AMOUNT.

$$
