000
CXUS42 KFFC 120325
CLMATL


CLIMATE REPORT
NATIONAL WEATHER SERVICE PEACHTREE CITY GA
1124 PM EDT SAT APR 11 2015

...................................

...THE ATLANTA CLIMATE SUMMARY FOR THE MONTH OF MARCH 2015...

CLIMATE NORMAL PERIOD 1981 TO 2010
CLIMATE RECORD PERIOD 1878 TO 2015

WEATHER         OBSERVED          NORMAL  DEPART  LAST YEAR`S
                 VALUE   DATE(S)  VALUE   FROM    VALUE  DATE(S)
                                          NORMAL
................................................................
TEMPERATURE (F)
RECORD
 HIGH              89   03/23/1995
 LOW               10   03/05/1960
HIGHEST            83   03/16        89      -6       79  03/31
LOWEST             27   03/06        11      16       29  03/26
AVG. MAXIMUM     67.6              64.6     3.0     63.3
AVG. MINIMUM     47.6              44.1     3.5     41.7
MEAN             57.6              54.3     3.3     52.5
DAYS MAX >= 90      0               0.0     0.0        0
DAYS MAX <= 32      0               0.0     0.0        0
DAYS MIN <= 32      4               2.9     1.1        1
DAYS MIN <= 0       0               0.0     0.0        0

PRECIPITATION (INCHES)
RECORD
 MAXIMUM        13.28   1929
 MINIMUM         0.88   1905
TOTALS           2.98              4.81   -1.83     3.12
DAILY AVG.       0.10              0.16   -0.06     0.10
DAYS >= .01        17               9.7     7.3       13
DAYS >= .10         7               6.4     0.6        7
DAYS >= .50         1               3.1    -2.1        1
DAYS >= 1.00        1               1.6    -0.6        1
GREATEST
 24 HR. TOTAL    1.00   03/22 TO 03/22           03/16 TO 03/16
                                                          03/31 TO 03/31
                                                          03/31 TO 03/31

SNOWFALL (INCHES)
RECORDS
 TOTAL              T   2013
                        2008
 24 HR TOTAL        T   03/26/2013 TO 03/26/2013
TOTALS            0.0               0.8    -0.8      0.0
SINCE 7/1           T               2.9    -2.9      5.0
SNOWDEPTH AVG.      0                MM      MM        0
DAYS >= TRACE       0               0.3    -0.3        0
DAYS >= 1.0         0               0.2    -0.2        0
GREATEST
 24 HR TOTAL      0.0   03/30 TO 03/30           03/31 TO 03/31
                                                          03/31 TO 03/31
                                                          03/31 TO 03/31

DEGREE_DAYS
HEATING TOTAL     237               342    -105      380
 SINCE 7/1       2595              2597      -2     2783
COOLING TOTAL      15                12       3        0
 SINCE 1/1         15                13       2        2
..................................................

WIND (MPH)
AVERAGE WIND SPEED              8.2
HIGHEST WIND SPEED/DIRECTION    29/320    DATE  03/05
HIGHEST GUST SPEED/DIRECTION    39/330    DATE  03/05

SKY COVER
POSSIBLE SUNSHINE (PERCENT)   MM
AVERAGE SKY COVER           0.70
NUMBER OF DAYS FAIR            5
NUMBER OF DAYS PC              7
NUMBER OF DAYS CLOUDY         19

AVERAGE RH (PERCENT)     65

WEATHER CONDITIONS. NUMBER OF DAYS WITH
THUNDERSTORM              0     MIXED PRECIP               0
HEAVY RAIN                3     RAIN                       8
LIGHT RAIN               19     FREEZING RAIN              0
LT FREEZING RAIN          0     HAIL                       0
HEAVY SNOW                0     SNOW                       0
LIGHT SNOW                0     SLEET                      0
FOG                      16     FOG W/VIS <= 1/4 MILE      7
HAZE                      4

-  INDICATES NEGATIVE NUMBERS.
R  INDICATES RECORD WAS SET OR TIED.
MM INDICATES DATA IS MISSING.
T  INDICATES TRACE AMOUNT.

$$
