000
CXUS51 KGYX 021146 CCA
CLMAUG

CLIMATE REPORT
NATIONAL WEATHER SERVICE GRAY ME
712 AM EDT THU APR 2 2015

...................................

...THE AUGUSTA CLIMATE SUMMARY FOR THE MONTH OF MARCH 2015...

CLIMATE NORMAL PERIOD 1981 TO 2010
CLIMATE RECORD PERIOD 1948 TO 2015

WEATHER         OBSERVED          NORMAL  DEPART  LAST YEAR`S
                 VALUE   DATE(S)  VALUE   FROM    VALUE  DATE(S)
                                          NORMAL
................................................................
TEMPERATURE (F)
RECORD
 HIGH              85   03/31/1998
 LOW               -2   12/31/1999
HIGHEST            51   03/11        60      -9       50  03/29
LOWEST                  03/06         3      -4       -2  03/04
                                                          03/01
AVG. MAXIMUM     36.2              40.4    -4.2     33.7
AVG. MINIMUM     17.5              23.4    -5.9     15.2
MEAN             26.9              31.9    -5.0     24.5
DAYS MAX >= 90      0               0.0     0.0        0
DAYS MAX <= 32      9               5.1     3.9       12
DAYS MIN <= 32     28              25.3     2.7       29
DAYS MIN <= 0       2               0.5     1.5        3

PRECIPITATION (INCHES)
RECORD
 MAXIMUM         9.71   1953
 MINIMUM         0.59   1965
TOTALS           1.17              3.37   -2.20     3.14
DAILY AVG.       0.04              0.11   -0.07     0.10
DAYS >= .01         9              11.0    -2.0       12
DAYS >= .10         3               6.6    -3.6        6
DAYS >= .50         0               2.1    -2.1        3
DAYS >= 1.00        0               0.6    -0.6        2
GREATEST
 24 HR. TOTAL    0.49   03/26

DEGREE_DAYS
HEATING TOTAL    1176              1026     150     1248
 SINCE 7/1       6803              6369     434     6754
COOLING TOTAL       0                 0       0        0
 SINCE 1/1          0                 0       0        0
.................................................................

WIND (MPH)
AVERAGE WIND SPEED              8.7
HIGHEST WIND SPEED/DIRECTION    38/320    DATE  03/17
HIGHEST GUST SPEED/DIRECTION    47/320    DATE  03/17

SKY COVER
AVERAGE SKY COVER           0.40

AVERAGE RH (PERCENT)     57

WEATHER CONDITIONS. NUMBER OF DAYS WITH
THUNDERSTORM              0     HEAVY RAIN                 0
RAIN                      1     LIGHT RAIN                 3
FREEZING RAIN             0     LT FREEZING RAIN           2
HEAVY SNOW                0     SNOW                       4
LIGHT SNOW               11     FOG                       13
FOG W/VIS <= 1/4 MILE     3     HAZE                       8

-  INDICATES NEGATIVE NUMBERS.
R  INDICATES RECORD WAS SET OR TIED.
MM INDICATES DATA IS MISSING.
T  INDICATES TRACE AMOUNT.

$$

KIMBLE
