000
CXUS51 KOKX 011611
CLMBDR

CLIMATE REPORT
NATIONAL WEATHER SERVICE NEW YORK NY
1211 PM EDT WED APR 1 2015

...................................

...THE BRIDGEPORT CT CLIMATE SUMMARY FOR THE MONTH OF MARCH 2015...

CLIMATE NORMAL PERIOD 1981 TO 2010
CLIMATE RECORD PERIOD 1948 TO 2015

WEATHER         OBSERVED          NORMAL  DEPART  LAST YEAR`S
                 VALUE   DATE(S)  VALUE   FROM    VALUE  DATE(S)
                                          NORMAL
................................................................
TEMPERATURE (F)
RECORD
 HIGH              84   03/13/1990
 LOW                4   03/19/1967
HIGHEST            56   03/11        MM      MM       64  03/11
LOWEST              9   03/06        MM      MM       11  03/04
AVG. MAXIMUM     41.5              47.2    -5.7     42.7
AVG. MINIMUM     26.3              31.4    -5.1     26.6
MEAN             33.9              39.3    -5.4     34.7
DAYS MAX >= 90      0               0.0     0.0        0
DAYS MAX <= 32      2               0.8     1.2        4
DAYS MIN <= 32     22              15.4     6.6       23
DAYS MIN <= 0       0               0.0     0.0        0

PRECIPITATION (INCHES)
RECORD
 MAXIMUM        10.19   2010
 MINIMUM         0.69   1981
TOTALS           4.72              4.05    0.67     5.22
DAILY AVG.       0.15              0.13    0.02     0.17
DAYS >= .01        17              11.3     5.7        9
DAYS >= .10        11               7.3     3.7        5
DAYS >= .50         3               2.6     0.4        4
DAYS >= 1.00        0               0.9    -0.9        2
GREATEST
 24 HR. TOTAL    0.92   03/14 TO 03/14           03/29 TO 03/29
                                                          03/31 TO 03/31
                                                          03/31 TO 03/31
 STORM TOTAL       MM                                 MM
 (MM/DD(HH))            MM                    03/29(00) TO 03/29(00)
                                                 03/31(00) TO 03/31(00)1
                                                 03/31(00) TO 03/31(00)1

SNOWFALL (INCHES)
TOTALS           18.6               5.1    13.5      0.8
 LIQUID EQUIV    1.86              0.50    1.36     0.08
SINCE 7/1        59.7              26.7    33.0     57.0
 LIQUID 7/1      5.97              2.70    3.27     5.70
SNOWDEPTH AVG.      6                MM      MM        1
DAYS >= TRACE      12               2.4     9.6        6
DAYS >= 1.0         5               1.6     3.4        0
GREATEST
 SNOW DEPTH        18   03/06                          4  03/02
                        03/02                             03/01
 24 HR TOTAL      6.2   MM                       03/31 TO 03/31
                                                          03/31 TO 03/31
                                                          03/31 TO 03/31
 STORM TOTAL       MM                                 MM
 (MM/DD(HH))            MM                    03/31(00) TO 03/31(00)
                                                 03/31(00) TO 03/31(00)1
                                                 03/31(00) TO 03/31(00)1

DEGREE_DAYS
HEATING TOTAL     957               797     160      934
 SINCE 7/1       5063              4684     379     4982
COOLING TOTAL       0                 0       0        0
 SINCE 1/1          0                 0       0        0
..................................................

WIND (MPH)
AVERAGE WIND SPEED              8.4
HIGHEST WIND SPEED/DIRECTION    33/300    DATE  03/17
HIGHEST GUST SPEED/DIRECTION    44/290    DATE  03/17


WEATHER CONDITIONS. NUMBER OF DAYS WITH
THUNDERSTORM              0     MIXED PRECIP               0
HEAVY RAIN                1     RAIN                       2
LIGHT RAIN               12     FREEZING RAIN              1
LT FREEZING RAIN          1     HAIL                       0
HEAVY SNOW                0     SNOW                       4
LIGHT SNOW               10     SLEET                      0
FOG                      17     FOG W/VIS <= 1/4 MILE      5
HAZE                      5

-  INDICATES NEGATIVE NUMBERS.
R  INDICATES RECORD WAS SET OR TIED.
MM INDICATES DATA IS MISSING.
T  INDICATES TRACE AMOUNT.

$$
