000
CXUS51 KCTP 011111
CLMBFD

PHLCLMBFD 000
TTAA00 KCTP 011026


CLIMATE REPORT
NATIONAL WEATHER SERVICE STATE COLLEGE PA
715 AM EDT WED APR 1 2015

...................................

...THE BRADFORD CLIMATE SUMMARY FOR THE MONTH OF MARCH 2015...

CLIMATE NORMAL PERIOD 1981 TO 2010
CLIMATE RECORD PERIOD 1957 TO 2015

WEATHER         OBSERVED          NORMAL  DEPART  LAST YEAR`S
                 VALUE   DATE(S)  VALUE   FROM    VALUE  DATE(S)
                                          NORMAL
................................................................
TEMPERATURE (F)
RECORD
 HIGH              78   03/23/2012
                        03/31/1998
                        03/30/1986
 LOW              -21   03/02/1980
HIGHEST            52   03/16                         53  03/31
LOWEST            -11   03/06                        -13  03/04
AVG. MAXIMUM     36.6              41.5    -4.9     36.2
AVG. MINIMUM     17.6              21.6    -4.0     14.9
MEAN             27.1              31.5    -4.4     25.6
DAYS MAX >= 90      0                MM      MM        0
DAYS MAX <= 32      8                MM      MM       11
DAYS MIN <= 32     31                MM      MM       28
DAYS MIN <= 0       2                MM      MM        4

PRECIPITATION (INCHES)
RECORD
 MAXIMUM         6.72   1994
 MINIMUM         0.50   1999
TOTALS           2.34              3.37   -1.03     2.00
DAILY AVG.       0.08              0.11   -0.03     0.06
DAYS >= .01        17                MM      MM       10
DAYS >= .10         8                MM      MM        6
DAYS >= .50         0                MM      MM        1
DAYS >= 1.00        0                MM      MM        0
GREATEST
 24 HR. TOTAL    0.41   03/31 TO 03/31


DEGREE_DAYS
HEATING TOTAL    1169              1037     132     1177
 SINCE 7/1       7068              6607     461     6843
COOLING TOTAL       0                 0       0        0
 SINCE 1/1          0                 0       0        0
......................................................

WIND (MPH)
AVERAGE WIND SPEED              8.7
HIGHEST WIND SPEED/DIRECTION    32/320    DATE  03/17
HIGHEST GUST SPEED/DIRECTION    42/330    DATE  03/17

SKY COVER
POSSIBLE SUNSHINE (PERCENT)   MM
AVERAGE SKY COVER           0.60
NUMBER OF DAYS FAIR            9
NUMBER OF DAYS PC             11
NUMBER OF DAYS CLOUDY         11

AVERAGE RH (PERCENT)     68

WEATHER CONDITIONS. NUMBER OF DAYS WITH
THUNDERSTORM              0     MIXED PRECIP               0
HEAVY RAIN                0     RAIN                       2
LIGHT RAIN               11     FREEZING RAIN              1
LT FREEZING RAIN          4     HAIL                       0
HEAVY SNOW                3     SNOW                       4
LIGHT SNOW               17     SLEET                      0
FOG                      21     FOG W/VIS <= 1/4 MILE      8
HAZE                     18

-  INDICATES NEGATIVE NUMBERS.
R  INDICATES RECORD WAS SET OR TIED.
MM INDICATES DATA IS MISSING.
T  INDICATES TRACE AMOUNT.

&&

$$

MARTIN
