000
CXUS54 KAMA 011212
CLMBGD


CLIMATE REPORT
NATIONAL WEATHER SERVICE AMARILLO TX
708 AM CDT WED APR 1 2015

...................................

...THE BORGER CLIMATE SUMMARY FOR THE MONTH OF MARCH 2015...

CLIMATE NORMAL PERIOD 1981 TO 2013
CLIMATE RECORD PERIOD 1949 TO 2015

WEATHER         OBSERVED          NORMAL  DEPART  LAST YEAR`S
                 VALUE   DATE(S)  VALUE   FROM    VALUE  DATE(S)
                                          NORMAL
................................................................
TEMPERATURE (F)
HIGHEST            88   03/31                         81  03/20
                                                          03/10
LOWEST             18   03/05                          2  03/03
AVG. MAXIMUM     67.5              62.9     4.6     63.3
AVG. MINIMUM     39.4              36.3     3.1     33.9
MEAN             53.4              49.6     3.8     48.6
DAYS MAX >= 90      0               0.2    -0.2        0
DAYS MAX <= 32      0               0.4    -0.4        1
DAYS MIN <= 32      6               9.6    -3.6       16
DAYS MIN <= 0       0               0.0     0.0        0

PRECIPITATION (INCHES)
TOTALS           0.27              1.41   -1.14     0.07
DAILY AVG.       0.01              0.05   -0.04     0.00
DAYS >= .01         4               6.0    -2.0        3
DAYS >= .10         1               3.1    -2.1        0
DAYS >= .50         0               1.1    -1.1        0
DAYS >= 1.00        0               0.2    -0.2        0
GREATEST
 24 HR. TOTAL    0.21   03/19

SNOWFALL (INCHES)
TOTALS              T                MM      MM      1.0
SINCE 7/1        17.5                MM      MM     13.6
DAYS >= TRACE       1                MM      MM        3
DAYS >= 1.0         0                MM      MM        1
GREATEST
 SNOW DEPTH         T   03/02
                        03/01
 24 HR TOTAL        T   03/04

DEGREE_DAYS
HEATING TOTAL     360               484    -124      502
 SINCE 7/1       3232              3477    -245     3580
COOLING TOTAL       7                 7       0        2
 SINCE 1/1          7                 7       0        2
.................................................................

WIND (MPH)
AVERAGE WIND SPEED              9.1
HIGHEST WIND SPEED/DIRECTION    40/010    DATE  03/25
HIGHEST GUST SPEED/DIRECTION    49/010    DATE  03/25

SKY COVER
POSSIBLE SUNSHINE (PERCENT)   MM
NUMBER OF DAYS FAIR           23
NUMBER OF DAYS PC              4
NUMBER OF DAYS CLOUDY          4

AVERAGE RH (PERCENT)     51

WEATHER CONDITIONS. NUMBER OF DAYS WITH
THUNDERSTORM              0     MIXED PRECIP               0
HEAVY RAIN                0     RAIN                       1
LIGHT RAIN                4     FREEZING RAIN              0
LT FREEZING RAIN          1     HEAVY SNOW                 0
SNOW                      0     LIGHT SNOW                 1
SLEET                     0     FOG                        6
FOG W/VIS <= 1/4 MILE     1     HAZE                       3

-  INDICATES NEGATIVE NUMBERS.
R  INDICATES RECORD WAS SET OR TIED.
MM INDICATES DATA IS MISSING.
T  INDICATES TRACE AMOUNT.

$$
